{"id":8663,"date":"2020-01-13T21:03:27","date_gmt":"2020-01-13T21:03:27","guid":{"rendered":"http:\/\/tecnourquiza.com.ar\/?post_type=product&#038;p=8663"},"modified":"2021-03-11T16:12:49","modified_gmt":"2021-03-11T16:12:49","slug":"ormiflex-profesional-pintura-asfaltica-secado-rapido-x-lata-18-lts","status":"publish","type":"product","link":"https:\/\/tecnourquiza.com.ar\/?product=ormiflex-profesional-pintura-asfaltica-secado-rapido-x-lata-18-lts","title":{"rendered":"Ormiflex Profesional Pintura Asf\u00e1ltica Secado r\u00e1pido x Lata 18 lts."},"content":{"rendered":"<p><strong>ORMIFLEX PINTURA PROFESIONAL<\/strong><\/p>\n<p>Asfalto pl\u00e1stico N\u00b01 de YPF diluido en solventes de secado r\u00e1pido para aplicaci\u00f3n en fr\u00edo, con aditivo am\u00ednico. Este agregado le confiere aptitudes especiales para ser colocado sobre superficies h\u00famedas.<\/p>\n<p>La Pintura Profesional tiene alta plasticidad y excelente adherencia a todo tipo de superficies. La aplicaci\u00f3n puede realizarse sobre superficies horizontales, inclinadas o verticales.<\/p>\n<p>Siendo el asfalto utilizado en la fabricaci\u00f3n de este producto, el mismo con que se elaboran las membranas preelaboradas asf\u00e1lticas ORMIFLEX, se optimiza la compatibilidad final entre capas aplicadas.<\/p>\n<p>&nbsp;<\/p>\n<h3>USOS<\/h3>\n<p>Especialmente recomendado como:<\/p>\n<p>&#8211;\u00a0<strong>Imprimaci\u00f3n:<\/strong> Con la aplicaci\u00f3n de una mano de Pintura Profesional se logra una buena imprimaci\u00f3n de la superficie para la posterior colocaci\u00f3n de membranas a soplete y otros productos de impermeabilizaci\u00f3n de base asf\u00e1ltica.<\/p>\n<p>&#8211;<strong>Base adherente:<\/strong> Con la aplicaci\u00f3n de dos manos de Pintura Profesional se logra una adecuada base de asfalto sobre la superficie que mejora significativamente la adherencia de las membranas<\/p>\n<p>&#8211;<strong>Impermeabilizante:<\/strong> Con aplicaci\u00f3n de varias manos de Pintura Profesional intercaladas con refuerzos de velo de fibra de vidrio o geotextiles se logra un sistema impermeabilizante in situ de techos, construcciones enterradas, paredes con c\u00e1mara de aire y protecci\u00f3n de perfiles y chapas met\u00e1licas contra la oxidaci\u00f3n y de las partes enterradas de maderas y postes contra la humedad.<\/p>\n<p>Con la aplicaci\u00f3n de este asfalto diluido, resulta un menor consumo de gas, por cuanto no es necesario quemar totalmente el polietileno inferior de las membranas. Este procedimiento mantiene intacto el espesor de la membrana sobre toda la superficie, ya que no se deteriora la capa inferior por fusi\u00f3n.<\/p>\n<p>[vc_row][vc_column][vc_btn title=&#8221;Ficha T\u00e9cnica&#8221; color=&#8221;warning&#8221; link=&#8221;url:http%3A%2F%2Ftecnourquiza.com.ar%2Fwp-content%2Fuploads%2F2020%2F01%2FPINTURA-PROFESIONAL.pdf|title:Ficha%20T%C3%A9cnica|target:%20_blank|&#8221;][\/vc_column][\/vc_row]<\/p>\n","protected":false},"excerpt":{"rendered":"<p><strong>Pintura asfaltica de base solvente<\/strong> para imprimaci\u00f3n de membranas. Barrera de vapor. Secado r\u00e1pido.<\/p>\n","protected":false},"featured_media":8664,"comment_status":"open","ping_status":"closed","template":"","meta":[],"product_brand":[],"product_cat":[204,201],"product_tag":[],"class_list":{"0":"post-8663","1":"product","2":"type-product","3":"status-publish","4":"has-post-thumbnail","6":"product_cat-imprimaciones","7":"product_cat-ormiflex","9":"first","10":"instock","11":"shipping-taxable","12":"product-type-simple"},"yoast_head":"<!-- This site is optimized with the Yoast SEO plugin v27.2 - https:\/\/yoast.com\/product\/yoast-seo-wordpress\/ -->\n<title>Ormiflex Profesional Pintura Asf\u00e1ltica Secado r\u00e1pido x Lata 18 lts. - Tecnourquiza, productos SIKA Argentina<\/title>\n<meta name=\"robots\" content=\"index, follow, max-snippet:-1, max-image-preview:large, max-video-preview:-1\" \/>\n<link rel=\"canonical\" href=\"https:\/\/tecnourquiza.com.ar\/?product=ormiflex-profesional-pintura-asfaltica-secado-rapido-x-lata-18-lts\" \/>\n<meta property=\"og:locale\" content=\"es_ES\" \/>\n<meta property=\"og:type\" content=\"article\" \/>\n<meta property=\"og:title\" content=\"Ormiflex Profesional Pintura Asf\u00e1ltica Secado r\u00e1pido x Lata 18 lts. - Tecnourquiza, productos SIKA Argentina\" \/>\n<meta property=\"og:description\" content=\"Pintura asfaltica de base solvente para imprimaci\u00f3n de membranas. Barrera de vapor. Secado r\u00e1pido.\" \/>\n<meta property=\"og:url\" content=\"https:\/\/tecnourquiza.com.ar\/?product=ormiflex-profesional-pintura-asfaltica-secado-rapido-x-lata-18-lts\" \/>\n<meta property=\"og:site_name\" content=\"Tecnourquiza, productos SIKA Argentina\" \/>\n<meta property=\"article:modified_time\" content=\"2021-03-11T16:12:49+00:00\" \/>\n<meta property=\"og:image\" content=\"https:\/\/tecnourquiza.com.ar\/wp-content\/uploads\/2020\/01\/ormiflex-profesional-pintura-asfaltica-secado-rapido-x-lata-18-lts.jpg\" \/>\n\t<meta property=\"og:image:width\" content=\"800\" \/>\n\t<meta property=\"og:image:height\" content=\"800\" \/>\n\t<meta property=\"og:image:type\" content=\"image\/jpeg\" \/>\n<meta name=\"twitter:card\" content=\"summary_large_image\" \/>\n<meta name=\"twitter:label1\" content=\"Tiempo de lectura\" \/>\n\t<meta name=\"twitter:data1\" content=\"2 minutos\" \/>\n<script type=\"application\/ld+json\" class=\"yoast-schema-graph\">{\"@context\":\"https:\/\/schema.org\",\"@graph\":[{\"@type\":\"WebPage\",\"@id\":\"https:\/\/tecnourquiza.com.ar\/?product=ormiflex-profesional-pintura-asfaltica-secado-rapido-x-lata-18-lts\",\"url\":\"https:\/\/tecnourquiza.com.ar\/?product=ormiflex-profesional-pintura-asfaltica-secado-rapido-x-lata-18-lts\",\"name\":\"Ormiflex Profesional Pintura Asf\u00e1ltica Secado r\u00e1pido x Lata 18 lts. - Tecnourquiza, productos SIKA Argentina\",\"isPartOf\":{\"@id\":\"https:\/\/tecnourquiza.com.ar\/#website\"},\"primaryImageOfPage\":{\"@id\":\"https:\/\/tecnourquiza.com.ar\/?product=ormiflex-profesional-pintura-asfaltica-secado-rapido-x-lata-18-lts#primaryimage\"},\"image\":{\"@id\":\"https:\/\/tecnourquiza.com.ar\/?product=ormiflex-profesional-pintura-asfaltica-secado-rapido-x-lata-18-lts#primaryimage\"},\"thumbnailUrl\":\"https:\/\/tecnourquiza.com.ar\/wp-content\/uploads\/2020\/01\/ormiflex-profesional-pintura-asfaltica-secado-rapido-x-lata-18-lts.jpg\",\"datePublished\":\"2020-01-13T21:03:27+00:00\",\"dateModified\":\"2021-03-11T16:12:49+00:00\",\"breadcrumb\":{\"@id\":\"https:\/\/tecnourquiza.com.ar\/?product=ormiflex-profesional-pintura-asfaltica-secado-rapido-x-lata-18-lts#breadcrumb\"},\"inLanguage\":\"es\",\"potentialAction\":[{\"@type\":\"ReadAction\",\"target\":[\"https:\/\/tecnourquiza.com.ar\/?product=ormiflex-profesional-pintura-asfaltica-secado-rapido-x-lata-18-lts\"]}]},{\"@type\":\"ImageObject\",\"inLanguage\":\"es\",\"@id\":\"https:\/\/tecnourquiza.com.ar\/?product=ormiflex-profesional-pintura-asfaltica-secado-rapido-x-lata-18-lts#primaryimage\",\"url\":\"https:\/\/tecnourquiza.com.ar\/wp-content\/uploads\/2020\/01\/ormiflex-profesional-pintura-asfaltica-secado-rapido-x-lata-18-lts.jpg\",\"contentUrl\":\"https:\/\/tecnourquiza.com.ar\/wp-content\/uploads\/2020\/01\/ormiflex-profesional-pintura-asfaltica-secado-rapido-x-lata-18-lts.jpg\",\"width\":800,\"height\":800},{\"@type\":\"BreadcrumbList\",\"@id\":\"https:\/\/tecnourquiza.com.ar\/?product=ormiflex-profesional-pintura-asfaltica-secado-rapido-x-lata-18-lts#breadcrumb\",\"itemListElement\":[{\"@type\":\"ListItem\",\"position\":1,\"name\":\"Portada\",\"item\":\"https:\/\/tecnourquiza.com.ar\/\"},{\"@type\":\"ListItem\",\"position\":2,\"name\":\"Productos\",\"item\":\"https:\/\/tecnourquiza.com.ar\/?post_type=product\"},{\"@type\":\"ListItem\",\"position\":3,\"name\":\"Ormiflex Profesional Pintura Asf\u00e1ltica Secado r\u00e1pido x Lata 18 lts.\"}]},{\"@type\":\"WebSite\",\"@id\":\"https:\/\/tecnourquiza.com.ar\/#website\",\"url\":\"https:\/\/tecnourquiza.com.ar\/\",\"name\":\"Tecnourquiza, productos SIKA Argentina\",\"description\":\"Comercializamos productos de la marca Sika Argentina\",\"publisher\":{\"@id\":\"https:\/\/tecnourquiza.com.ar\/#organization\"},\"potentialAction\":[{\"@type\":\"SearchAction\",\"target\":{\"@type\":\"EntryPoint\",\"urlTemplate\":\"https:\/\/tecnourquiza.com.ar\/?s={search_term_string}\"},\"query-input\":{\"@type\":\"PropertyValueSpecification\",\"valueRequired\":true,\"valueName\":\"search_term_string\"}}],\"inLanguage\":\"es\"},{\"@type\":\"Organization\",\"@id\":\"https:\/\/tecnourquiza.com.ar\/#organization\",\"name\":\"Tecnourquiza, productos SIKA Argentina\",\"url\":\"https:\/\/tecnourquiza.com.ar\/\",\"logo\":{\"@type\":\"ImageObject\",\"inLanguage\":\"es\",\"@id\":\"https:\/\/tecnourquiza.com.ar\/#\/schema\/logo\/image\/\",\"url\":\"https:\/\/tecnourquiza.com.ar\/wp-content\/uploads\/2025\/05\/logo-tecnourquiza-transparente.png\",\"contentUrl\":\"https:\/\/tecnourquiza.com.ar\/wp-content\/uploads\/2025\/05\/logo-tecnourquiza-transparente.png\",\"width\":360,\"height\":74,\"caption\":\"Tecnourquiza, productos SIKA Argentina\"},\"image\":{\"@id\":\"https:\/\/tecnourquiza.com.ar\/#\/schema\/logo\/image\/\"}}]}<\/script>\n<!-- \/ Yoast SEO plugin. -->","yoast_head_json":{"title":"Ormiflex Profesional Pintura Asf\u00e1ltica Secado r\u00e1pido x Lata 18 lts. - Tecnourquiza, productos SIKA Argentina","robots":{"index":"index","follow":"follow","max-snippet":"max-snippet:-1","max-image-preview":"max-image-preview:large","max-video-preview":"max-video-preview:-1"},"canonical":"https:\/\/tecnourquiza.com.ar\/?product=ormiflex-profesional-pintura-asfaltica-secado-rapido-x-lata-18-lts","og_locale":"es_ES","og_type":"article","og_title":"Ormiflex Profesional Pintura Asf\u00e1ltica Secado r\u00e1pido x Lata 18 lts. - Tecnourquiza, productos SIKA Argentina","og_description":"Pintura asfaltica de base solvente para imprimaci\u00f3n de membranas. Barrera de vapor. Secado r\u00e1pido.","og_url":"https:\/\/tecnourquiza.com.ar\/?product=ormiflex-profesional-pintura-asfaltica-secado-rapido-x-lata-18-lts","og_site_name":"Tecnourquiza, productos SIKA Argentina","article_modified_time":"2021-03-11T16:12:49+00:00","og_image":[{"width":800,"height":800,"url":"https:\/\/tecnourquiza.com.ar\/wp-content\/uploads\/2020\/01\/ormiflex-profesional-pintura-asfaltica-secado-rapido-x-lata-18-lts.jpg","type":"image\/jpeg"}],"twitter_card":"summary_large_image","twitter_misc":{"Tiempo de lectura":"2 minutos"},"schema":{"@context":"https:\/\/schema.org","@graph":[{"@type":"WebPage","@id":"https:\/\/tecnourquiza.com.ar\/?product=ormiflex-profesional-pintura-asfaltica-secado-rapido-x-lata-18-lts","url":"https:\/\/tecnourquiza.com.ar\/?product=ormiflex-profesional-pintura-asfaltica-secado-rapido-x-lata-18-lts","name":"Ormiflex Profesional Pintura Asf\u00e1ltica Secado r\u00e1pido x Lata 18 lts. - Tecnourquiza, productos SIKA Argentina","isPartOf":{"@id":"https:\/\/tecnourquiza.com.ar\/#website"},"primaryImageOfPage":{"@id":"https:\/\/tecnourquiza.com.ar\/?product=ormiflex-profesional-pintura-asfaltica-secado-rapido-x-lata-18-lts#primaryimage"},"image":{"@id":"https:\/\/tecnourquiza.com.ar\/?product=ormiflex-profesional-pintura-asfaltica-secado-rapido-x-lata-18-lts#primaryimage"},"thumbnailUrl":"https:\/\/tecnourquiza.com.ar\/wp-content\/uploads\/2020\/01\/ormiflex-profesional-pintura-asfaltica-secado-rapido-x-lata-18-lts.jpg","datePublished":"2020-01-13T21:03:27+00:00","dateModified":"2021-03-11T16:12:49+00:00","breadcrumb":{"@id":"https:\/\/tecnourquiza.com.ar\/?product=ormiflex-profesional-pintura-asfaltica-secado-rapido-x-lata-18-lts#breadcrumb"},"inLanguage":"es","potentialAction":[{"@type":"ReadAction","target":["https:\/\/tecnourquiza.com.ar\/?product=ormiflex-profesional-pintura-asfaltica-secado-rapido-x-lata-18-lts"]}]},{"@type":"ImageObject","inLanguage":"es","@id":"https:\/\/tecnourquiza.com.ar\/?product=ormiflex-profesional-pintura-asfaltica-secado-rapido-x-lata-18-lts#primaryimage","url":"https:\/\/tecnourquiza.com.ar\/wp-content\/uploads\/2020\/01\/ormiflex-profesional-pintura-asfaltica-secado-rapido-x-lata-18-lts.jpg","contentUrl":"https:\/\/tecnourquiza.com.ar\/wp-content\/uploads\/2020\/01\/ormiflex-profesional-pintura-asfaltica-secado-rapido-x-lata-18-lts.jpg","width":800,"height":800},{"@type":"BreadcrumbList","@id":"https:\/\/tecnourquiza.com.ar\/?product=ormiflex-profesional-pintura-asfaltica-secado-rapido-x-lata-18-lts#breadcrumb","itemListElement":[{"@type":"ListItem","position":1,"name":"Portada","item":"https:\/\/tecnourquiza.com.ar\/"},{"@type":"ListItem","position":2,"name":"Productos","item":"https:\/\/tecnourquiza.com.ar\/?post_type=product"},{"@type":"ListItem","position":3,"name":"Ormiflex Profesional Pintura Asf\u00e1ltica Secado r\u00e1pido x Lata 18 lts."}]},{"@type":"WebSite","@id":"https:\/\/tecnourquiza.com.ar\/#website","url":"https:\/\/tecnourquiza.com.ar\/","name":"Tecnourquiza, productos SIKA Argentina","description":"Comercializamos productos de la marca Sika Argentina","publisher":{"@id":"https:\/\/tecnourquiza.com.ar\/#organization"},"potentialAction":[{"@type":"SearchAction","target":{"@type":"EntryPoint","urlTemplate":"https:\/\/tecnourquiza.com.ar\/?s={search_term_string}"},"query-input":{"@type":"PropertyValueSpecification","valueRequired":true,"valueName":"search_term_string"}}],"inLanguage":"es"},{"@type":"Organization","@id":"https:\/\/tecnourquiza.com.ar\/#organization","name":"Tecnourquiza, productos SIKA Argentina","url":"https:\/\/tecnourquiza.com.ar\/","logo":{"@type":"ImageObject","inLanguage":"es","@id":"https:\/\/tecnourquiza.com.ar\/#\/schema\/logo\/image\/","url":"https:\/\/tecnourquiza.com.ar\/wp-content\/uploads\/2025\/05\/logo-tecnourquiza-transparente.png","contentUrl":"https:\/\/tecnourquiza.com.ar\/wp-content\/uploads\/2025\/05\/logo-tecnourquiza-transparente.png","width":360,"height":74,"caption":"Tecnourquiza, productos SIKA Argentina"},"image":{"@id":"https:\/\/tecnourquiza.com.ar\/#\/schema\/logo\/image\/"}}]}},"_links":{"self":[{"href":"https:\/\/tecnourquiza.com.ar\/index.php?rest_route=\/wp\/v2\/product\/8663","targetHints":{"allow":["GET"]}}],"collection":[{"href":"https:\/\/tecnourquiza.com.ar\/index.php?rest_route=\/wp\/v2\/product"}],"about":[{"href":"https:\/\/tecnourquiza.com.ar\/index.php?rest_route=\/wp\/v2\/types\/product"}],"replies":[{"embeddable":true,"href":"https:\/\/tecnourquiza.com.ar\/index.php?rest_route=%2Fwp%2Fv2%2Fcomments&post=8663"}],"wp:featuredmedia":[{"embeddable":true,"href":"https:\/\/tecnourquiza.com.ar\/index.php?rest_route=\/wp\/v2\/media\/8664"}],"wp:attachment":[{"href":"https:\/\/tecnourquiza.com.ar\/index.php?rest_route=%2Fwp%2Fv2%2Fmedia&parent=8663"}],"wp:term":[{"taxonomy":"product_brand","embeddable":true,"href":"https:\/\/tecnourquiza.com.ar\/index.php?rest_route=%2Fwp%2Fv2%2Fproduct_brand&post=8663"},{"taxonomy":"product_cat","embeddable":true,"href":"https:\/\/tecnourquiza.com.ar\/index.php?rest_route=%2Fwp%2Fv2%2Fproduct_cat&post=8663"},{"taxonomy":"product_tag","embeddable":true,"href":"https:\/\/tecnourquiza.com.ar\/index.php?rest_route=%2Fwp%2Fv2%2Fproduct_tag&post=8663"}],"curies":[{"name":"wp","href":"https:\/\/api.w.org\/{rel}","templated":true}]}}