{"id":8392,"date":"2020-01-07T00:13:15","date_gmt":"2020-01-07T00:13:15","guid":{"rendered":"http:\/\/tecnourquiza.com.ar\/?post_type=product&#038;p=8392"},"modified":"2020-01-07T00:18:29","modified_gmt":"2020-01-07T00:18:29","slug":"sikaguard-62-juego-predosif-25-kg-gris-medio","status":"publish","type":"product","link":"https:\/\/tecnourquiza.com.ar\/?product=sikaguard-62-juego-predosif-25-kg-gris-medio","title":{"rendered":"Sikaguard 62 Juego predosif 25 kg.Gris medio"},"content":{"rendered":"<div class=\"details\">\n<h3 class=\"headline-element\">USO<\/h3>\n<hr \/>\n<ul>\n<li>Como revestimiento protector resistente qu\u00edmicamente sobre hormig\u00f3n, piedra, morteros cementicios y productos base epoxi.<\/li>\n<li>Como revestimiento de protecci\u00f3n sobre acero y hierro.<\/li>\n<li>Recomendado en pisos y paredes en sanatorios y hospitales, comedores, plantas de procesamiento alimenticio, f\u00e1bricas, garajes, tintorer\u00edas, plantas de clarificaci\u00f3n y tratamiento de aguas industriales y cloacales, industrias qu\u00edmicas y farmac\u00e9uticas, industria de bebidas, silos, tanques, ca\u00f1er\u00edas, etc.<\/li>\n<\/ul>\n<h3 class=\"headline-element\">CARACTER\u00cdSTICAS<\/h3>\n<hr \/>\n<ul>\n<li>Libre de solvente, no contiene VOC<\/li>\n<li>Altas resistencias qu\u00edmicas y mec\u00e1nicas<\/li>\n<li>Impermeable a l\u00edquidos<\/li>\n<li>F\u00e1cil de mezclar y aplicar<\/li>\n<li>Resistencia a envejecimiento e intemperie<\/li>\n<li>Ligeramente tixotr\u00f3pico<\/li>\n<\/ul>\n<p class=\"headline-element\"><strong>COLOR: <\/strong>Se entrega normalmente en color base para entonar y tambi\u00e9n en colores varios a pedido y con cantidades m\u00ednimas. Se entrega normalmente en los siguientes colores: Blanco, Gris Claro, Gris Medio, Beige, Rojo cer\u00e1mico, Verde y Base.<\/p>\n<p class=\"headline-element\"><strong>PRESENTACI\u00d3N: <\/strong>Juego de 2 componentes predosificado de 25 kg.<\/p>\n<\/div>\n<p>[vc_row][vc_column][vc_btn title=&#8221;Ficha T\u00e9cnica&#8221; color=&#8221;warning&#8221; link=&#8221;url:http%3A%2F%2Ftecnourquiza.com.ar%2Fwp-content%2Fuploads%2F2020%2F01%2FHoja-t%C3%A9cnica-del-producto-Sikaguard-62.pdf|title:Ficha%20T%C3%A9cnica|target:%20_blank|&#8221;][\/vc_column][\/vc_row]<\/p>\n","protected":false},"excerpt":{"rendered":"<p>Pintura de base epoxi de 2 componentes de altos s\u00f3lidos.<\/p>\n<p>Es una pintura de 2 componentes a base de resinas epoxis modificadas y endurecedores, 100 % s\u00f3lidos.<\/p>\n","protected":false},"featured_media":8389,"comment_status":"open","ping_status":"closed","template":"","meta":[],"product_brand":[],"product_cat":[153,90],"product_tag":[155,158],"class_list":{"0":"post-8392","1":"product","2":"type-product","3":"status-publish","4":"has-post-thumbnail","6":"product_cat-pisos-y-revestimientos-industriales","7":"product_cat-sika","8":"product_tag-pisos-industriales","9":"product_tag-resina-epoxi","11":"first","12":"instock","13":"shipping-taxable","14":"purchasable","15":"product-type-simple"},"yoast_head":"<!-- This site is optimized with the Yoast SEO plugin v27.2 - https:\/\/yoast.com\/product\/yoast-seo-wordpress\/ -->\n<title>Sikaguard 62 Juego predosif 25 kg.Gris medio - Tecnourquiza, productos SIKA Argentina<\/title>\n<meta name=\"robots\" content=\"index, follow, max-snippet:-1, max-image-preview:large, max-video-preview:-1\" \/>\n<link rel=\"canonical\" href=\"https:\/\/tecnourquiza.com.ar\/?product=sikaguard-62-juego-predosif-25-kg-gris-medio\" \/>\n<meta property=\"og:locale\" content=\"es_ES\" \/>\n<meta property=\"og:type\" content=\"article\" \/>\n<meta property=\"og:title\" content=\"Sikaguard 62 Juego predosif 25 kg.Gris medio - Tecnourquiza, productos SIKA Argentina\" \/>\n<meta property=\"og:description\" content=\"Pintura de base epoxi de 2 componentes de altos s\u00f3lidos.  Es una pintura de 2 componentes a base de resinas epoxis modificadas y endurecedores, 100 % s\u00f3lidos.\" \/>\n<meta property=\"og:url\" content=\"https:\/\/tecnourquiza.com.ar\/?product=sikaguard-62-juego-predosif-25-kg-gris-medio\" \/>\n<meta property=\"og:site_name\" content=\"Tecnourquiza, productos SIKA Argentina\" \/>\n<meta property=\"article:modified_time\" content=\"2020-01-07T00:18:29+00:00\" \/>\n<meta property=\"og:image\" content=\"https:\/\/tecnourquiza.com.ar\/wp-content\/uploads\/2020\/01\/Sikaguard-62.jpg\" \/>\n\t<meta property=\"og:image:width\" content=\"161\" \/>\n\t<meta property=\"og:image:height\" content=\"211\" \/>\n\t<meta property=\"og:image:type\" content=\"image\/jpeg\" \/>\n<meta name=\"twitter:card\" content=\"summary_large_image\" \/>\n<meta name=\"twitter:label1\" content=\"Tiempo de lectura\" \/>\n\t<meta name=\"twitter:data1\" content=\"1 minuto\" \/>\n<script type=\"application\/ld+json\" class=\"yoast-schema-graph\">{\"@context\":\"https:\/\/schema.org\",\"@graph\":[{\"@type\":\"WebPage\",\"@id\":\"https:\/\/tecnourquiza.com.ar\/?product=sikaguard-62-juego-predosif-25-kg-gris-medio\",\"url\":\"https:\/\/tecnourquiza.com.ar\/?product=sikaguard-62-juego-predosif-25-kg-gris-medio\",\"name\":\"Sikaguard 62 Juego predosif 25 kg.Gris medio - Tecnourquiza, productos SIKA Argentina\",\"isPartOf\":{\"@id\":\"https:\/\/tecnourquiza.com.ar\/#website\"},\"primaryImageOfPage\":{\"@id\":\"https:\/\/tecnourquiza.com.ar\/?product=sikaguard-62-juego-predosif-25-kg-gris-medio#primaryimage\"},\"image\":{\"@id\":\"https:\/\/tecnourquiza.com.ar\/?product=sikaguard-62-juego-predosif-25-kg-gris-medio#primaryimage\"},\"thumbnailUrl\":\"https:\/\/tecnourquiza.com.ar\/wp-content\/uploads\/2020\/01\/Sikaguard-62.jpg\",\"datePublished\":\"2020-01-07T00:13:15+00:00\",\"dateModified\":\"2020-01-07T00:18:29+00:00\",\"breadcrumb\":{\"@id\":\"https:\/\/tecnourquiza.com.ar\/?product=sikaguard-62-juego-predosif-25-kg-gris-medio#breadcrumb\"},\"inLanguage\":\"es\",\"potentialAction\":[{\"@type\":\"ReadAction\",\"target\":[\"https:\/\/tecnourquiza.com.ar\/?product=sikaguard-62-juego-predosif-25-kg-gris-medio\"]}]},{\"@type\":\"ImageObject\",\"inLanguage\":\"es\",\"@id\":\"https:\/\/tecnourquiza.com.ar\/?product=sikaguard-62-juego-predosif-25-kg-gris-medio#primaryimage\",\"url\":\"https:\/\/tecnourquiza.com.ar\/wp-content\/uploads\/2020\/01\/Sikaguard-62.jpg\",\"contentUrl\":\"https:\/\/tecnourquiza.com.ar\/wp-content\/uploads\/2020\/01\/Sikaguard-62.jpg\",\"width\":161,\"height\":211},{\"@type\":\"BreadcrumbList\",\"@id\":\"https:\/\/tecnourquiza.com.ar\/?product=sikaguard-62-juego-predosif-25-kg-gris-medio#breadcrumb\",\"itemListElement\":[{\"@type\":\"ListItem\",\"position\":1,\"name\":\"Portada\",\"item\":\"https:\/\/tecnourquiza.com.ar\/\"},{\"@type\":\"ListItem\",\"position\":2,\"name\":\"Productos\",\"item\":\"https:\/\/tecnourquiza.com.ar\/?post_type=product\"},{\"@type\":\"ListItem\",\"position\":3,\"name\":\"Sikaguard 62 Juego predosif 25 kg.Gris medio\"}]},{\"@type\":\"WebSite\",\"@id\":\"https:\/\/tecnourquiza.com.ar\/#website\",\"url\":\"https:\/\/tecnourquiza.com.ar\/\",\"name\":\"Tecnourquiza, productos SIKA Argentina\",\"description\":\"Comercializamos productos de la marca Sika Argentina\",\"publisher\":{\"@id\":\"https:\/\/tecnourquiza.com.ar\/#organization\"},\"potentialAction\":[{\"@type\":\"SearchAction\",\"target\":{\"@type\":\"EntryPoint\",\"urlTemplate\":\"https:\/\/tecnourquiza.com.ar\/?s={search_term_string}\"},\"query-input\":{\"@type\":\"PropertyValueSpecification\",\"valueRequired\":true,\"valueName\":\"search_term_string\"}}],\"inLanguage\":\"es\"},{\"@type\":\"Organization\",\"@id\":\"https:\/\/tecnourquiza.com.ar\/#organization\",\"name\":\"Tecnourquiza, productos SIKA Argentina\",\"url\":\"https:\/\/tecnourquiza.com.ar\/\",\"logo\":{\"@type\":\"ImageObject\",\"inLanguage\":\"es\",\"@id\":\"https:\/\/tecnourquiza.com.ar\/#\/schema\/logo\/image\/\",\"url\":\"https:\/\/tecnourquiza.com.ar\/wp-content\/uploads\/2025\/05\/logo-tecnourquiza-transparente.png\",\"contentUrl\":\"https:\/\/tecnourquiza.com.ar\/wp-content\/uploads\/2025\/05\/logo-tecnourquiza-transparente.png\",\"width\":360,\"height\":74,\"caption\":\"Tecnourquiza, productos SIKA Argentina\"},\"image\":{\"@id\":\"https:\/\/tecnourquiza.com.ar\/#\/schema\/logo\/image\/\"}}]}<\/script>\n<!-- \/ Yoast SEO plugin. -->","yoast_head_json":{"title":"Sikaguard 62 Juego predosif 25 kg.Gris medio - Tecnourquiza, productos SIKA Argentina","robots":{"index":"index","follow":"follow","max-snippet":"max-snippet:-1","max-image-preview":"max-image-preview:large","max-video-preview":"max-video-preview:-1"},"canonical":"https:\/\/tecnourquiza.com.ar\/?product=sikaguard-62-juego-predosif-25-kg-gris-medio","og_locale":"es_ES","og_type":"article","og_title":"Sikaguard 62 Juego predosif 25 kg.Gris medio - Tecnourquiza, productos SIKA Argentina","og_description":"Pintura de base epoxi de 2 componentes de altos s\u00f3lidos.  Es una pintura de 2 componentes a base de resinas epoxis modificadas y endurecedores, 100 % s\u00f3lidos.","og_url":"https:\/\/tecnourquiza.com.ar\/?product=sikaguard-62-juego-predosif-25-kg-gris-medio","og_site_name":"Tecnourquiza, productos SIKA Argentina","article_modified_time":"2020-01-07T00:18:29+00:00","og_image":[{"width":161,"height":211,"url":"https:\/\/tecnourquiza.com.ar\/wp-content\/uploads\/2020\/01\/Sikaguard-62.jpg","type":"image\/jpeg"}],"twitter_card":"summary_large_image","twitter_misc":{"Tiempo de lectura":"1 minuto"},"schema":{"@context":"https:\/\/schema.org","@graph":[{"@type":"WebPage","@id":"https:\/\/tecnourquiza.com.ar\/?product=sikaguard-62-juego-predosif-25-kg-gris-medio","url":"https:\/\/tecnourquiza.com.ar\/?product=sikaguard-62-juego-predosif-25-kg-gris-medio","name":"Sikaguard 62 Juego predosif 25 kg.Gris medio - Tecnourquiza, productos SIKA Argentina","isPartOf":{"@id":"https:\/\/tecnourquiza.com.ar\/#website"},"primaryImageOfPage":{"@id":"https:\/\/tecnourquiza.com.ar\/?product=sikaguard-62-juego-predosif-25-kg-gris-medio#primaryimage"},"image":{"@id":"https:\/\/tecnourquiza.com.ar\/?product=sikaguard-62-juego-predosif-25-kg-gris-medio#primaryimage"},"thumbnailUrl":"https:\/\/tecnourquiza.com.ar\/wp-content\/uploads\/2020\/01\/Sikaguard-62.jpg","datePublished":"2020-01-07T00:13:15+00:00","dateModified":"2020-01-07T00:18:29+00:00","breadcrumb":{"@id":"https:\/\/tecnourquiza.com.ar\/?product=sikaguard-62-juego-predosif-25-kg-gris-medio#breadcrumb"},"inLanguage":"es","potentialAction":[{"@type":"ReadAction","target":["https:\/\/tecnourquiza.com.ar\/?product=sikaguard-62-juego-predosif-25-kg-gris-medio"]}]},{"@type":"ImageObject","inLanguage":"es","@id":"https:\/\/tecnourquiza.com.ar\/?product=sikaguard-62-juego-predosif-25-kg-gris-medio#primaryimage","url":"https:\/\/tecnourquiza.com.ar\/wp-content\/uploads\/2020\/01\/Sikaguard-62.jpg","contentUrl":"https:\/\/tecnourquiza.com.ar\/wp-content\/uploads\/2020\/01\/Sikaguard-62.jpg","width":161,"height":211},{"@type":"BreadcrumbList","@id":"https:\/\/tecnourquiza.com.ar\/?product=sikaguard-62-juego-predosif-25-kg-gris-medio#breadcrumb","itemListElement":[{"@type":"ListItem","position":1,"name":"Portada","item":"https:\/\/tecnourquiza.com.ar\/"},{"@type":"ListItem","position":2,"name":"Productos","item":"https:\/\/tecnourquiza.com.ar\/?post_type=product"},{"@type":"ListItem","position":3,"name":"Sikaguard 62 Juego predosif 25 kg.Gris medio"}]},{"@type":"WebSite","@id":"https:\/\/tecnourquiza.com.ar\/#website","url":"https:\/\/tecnourquiza.com.ar\/","name":"Tecnourquiza, productos SIKA Argentina","description":"Comercializamos productos de la marca Sika Argentina","publisher":{"@id":"https:\/\/tecnourquiza.com.ar\/#organization"},"potentialAction":[{"@type":"SearchAction","target":{"@type":"EntryPoint","urlTemplate":"https:\/\/tecnourquiza.com.ar\/?s={search_term_string}"},"query-input":{"@type":"PropertyValueSpecification","valueRequired":true,"valueName":"search_term_string"}}],"inLanguage":"es"},{"@type":"Organization","@id":"https:\/\/tecnourquiza.com.ar\/#organization","name":"Tecnourquiza, productos SIKA Argentina","url":"https:\/\/tecnourquiza.com.ar\/","logo":{"@type":"ImageObject","inLanguage":"es","@id":"https:\/\/tecnourquiza.com.ar\/#\/schema\/logo\/image\/","url":"https:\/\/tecnourquiza.com.ar\/wp-content\/uploads\/2025\/05\/logo-tecnourquiza-transparente.png","contentUrl":"https:\/\/tecnourquiza.com.ar\/wp-content\/uploads\/2025\/05\/logo-tecnourquiza-transparente.png","width":360,"height":74,"caption":"Tecnourquiza, productos SIKA Argentina"},"image":{"@id":"https:\/\/tecnourquiza.com.ar\/#\/schema\/logo\/image\/"}}]}},"_links":{"self":[{"href":"https:\/\/tecnourquiza.com.ar\/index.php?rest_route=\/wp\/v2\/product\/8392","targetHints":{"allow":["GET"]}}],"collection":[{"href":"https:\/\/tecnourquiza.com.ar\/index.php?rest_route=\/wp\/v2\/product"}],"about":[{"href":"https:\/\/tecnourquiza.com.ar\/index.php?rest_route=\/wp\/v2\/types\/product"}],"replies":[{"embeddable":true,"href":"https:\/\/tecnourquiza.com.ar\/index.php?rest_route=%2Fwp%2Fv2%2Fcomments&post=8392"}],"wp:featuredmedia":[{"embeddable":true,"href":"https:\/\/tecnourquiza.com.ar\/index.php?rest_route=\/wp\/v2\/media\/8389"}],"wp:attachment":[{"href":"https:\/\/tecnourquiza.com.ar\/index.php?rest_route=%2Fwp%2Fv2%2Fmedia&parent=8392"}],"wp:term":[{"taxonomy":"product_brand","embeddable":true,"href":"https:\/\/tecnourquiza.com.ar\/index.php?rest_route=%2Fwp%2Fv2%2Fproduct_brand&post=8392"},{"taxonomy":"product_cat","embeddable":true,"href":"https:\/\/tecnourquiza.com.ar\/index.php?rest_route=%2Fwp%2Fv2%2Fproduct_cat&post=8392"},{"taxonomy":"product_tag","embeddable":true,"href":"https:\/\/tecnourquiza.com.ar\/index.php?rest_route=%2Fwp%2Fv2%2Fproduct_tag&post=8392"}],"curies":[{"name":"wp","href":"https:\/\/api.w.org\/{rel}","templated":true}]}}