{"id":8359,"date":"2020-01-06T16:44:12","date_gmt":"2020-01-06T16:44:12","guid":{"rendered":"http:\/\/tecnourquiza.com.ar\/?post_type=product&#038;p=8359"},"modified":"2020-01-06T17:37:41","modified_gmt":"2020-01-06T17:37:41","slug":"sikafloor-200-level-x-25-kg","status":"publish","type":"product","link":"https:\/\/tecnourquiza.com.ar\/?product=sikafloor-200-level-x-25-kg","title":{"rendered":"Sikafloor 200 Level x 25 kg."},"content":{"rendered":"<h3>Usos<\/h3>\n<hr \/>\n<ul>\n<li>Adecuado para el llenado, alisado y nivelado de contrapisos, carpetas y pisos de hormig\u00f3n.<\/li>\n<li>\u00a0Sikafloor -200 Level se aplica para nivelar pisos en un espesor que var\u00eda entre 4 y 20 mm antes de proceder a la terminaci\u00f3n con cer\u00e1micos, porcellanatos, mosaicos, lin\u00f3leos, pisos vin\u00edlicos y de goma, revestimientos p\u00e9treos, PVC, pisos de madera, alfombras, pinturas y revestimientos tanto r\u00edgidos como el\u00e1sticos, entre otros.<\/li>\n<li>Sikafloor -200 Level es compatible con los adhesivos y\/o imprimaciones Sika empleados para la colocaci\u00f3n de estos tipos de revestimientos de acabado.<\/li>\n<li>Adecuado para resistir el tr\u00e1fico de elementos con ruedas (ej.: camillas, sillas de rueda, veh\u00edculos, autoelevadores, zorras, carros, etc.), que pueda desarrollarse sobre el revestimientos de terminaci\u00f3n colocado sobre el mismo.<\/li>\n<li>Edificios comerciales, institucionales, residenciales y de todo tipo y uso.<\/li>\n<li>Garajes y zonas de estacionamiento con tr\u00e1fico liviano y moderado.<\/li>\n<li>Pasillos, ba\u00f1os, comedores, dep\u00f3sitos, dormitorios, palliers, cocinas industriales, zonas de trabajo, cuartos de todo tipo y uso, aulas, carpetas, salas, zonas de usos m\u00faltiples, etc.<\/li>\n<li>Gimnasios, zonas de juegos infantiles y de recreaci\u00f3n, etc.<\/li>\n<li>Tambi\u00e9n es adecuado para el uso de pisos con sistemas de calefacci\u00f3n radiante.<\/li>\n<\/ul>\n<h3>Ventajas<\/h3>\n<hr \/>\n<ul>\n<li>Autonivelante y con muy buena resistencia mec\u00e1nica.<\/li>\n<li>R\u00e1pido endurecimiento y secado.<\/li>\n<li>Alta capacidad de nivelaci\u00f3n de las irregularidades de la superficie existente.<\/li>\n<li>R\u00e1pida aplicaci\u00f3n por su gran fluidez y cohesi\u00f3n del producto en estado fresco.<\/li>\n<li>F\u00e1cil mezcla y colocaci\u00f3n.<\/li>\n<li>Terminaci\u00f3n de superficie lisa, libre de poros.<\/li>\n<li>Buena apariencia y alto nivel de dureza y resistencia superficial.<\/li>\n<li>Capacidad de compensar desniveles de 4 hasta 10 mm solo, y de 10 a 20 mm con el agregado de Sikafloor Carga Antiderrapante o Sikafloor Carga Mortero.<\/li>\n<li>Muy baja contracci\u00f3n y fisuraci\u00f3n. Buena adherencia.<\/li>\n<li>Puede recibir tr\u00e1nsito peatonal a partir de 4 horas de aplicado (+25 \u00b0C)<\/li>\n<li>Dise\u00f1ado para tener buena adherencia con los adhesivos para los revestimientos que se coloquen sobre el mismo.<\/li>\n<li>Las imprimaciones Sikafloor -156, -161, -155W y Sika Primer MB tienen excelente adherencia sobre Sikafloor -200 Level.<\/li>\n<li>Bajas emisiones de VOC<\/li>\n<\/ul>\n<p><strong>Apariencia\/Color:<\/strong> Polvo, color gris.<\/p>\n<p><strong>Presentaci\u00f3n:<\/strong> Bolsa de 25 kg.<\/p>\n<p>[vc_row][vc_column][vc_btn title=&#8221;Ficha T\u00e9cnica&#8221; color=&#8221;warning&#8221; link=&#8221;url:http%3A%2F%2Ftecnourquiza.com.ar%2Fwp-content%2Fuploads%2F2020%2F01%2FHoja-t%C3%A9cnica-de-producto-Sikafloor-200-Level.pdf|title:Ficha%20T%C3%A9cnica|target:%20_blank|&#8221;][\/vc_column][\/vc_row]<\/p>\n","protected":false},"excerpt":{"rendered":"<p>Mortero de nivelaci\u00f3n autonivelante, de endurecimiento r\u00e1pido, para uso en espesores de 4 a 20 mm.<\/p>\n<p>Es un mortero de base cement\u00edcia, modificado con pol\u00edmeros, monocomponente, autonivelante y de endurecimiento r\u00e1pido, para la regularizaci\u00f3n y nivelaci\u00f3n de pisos y carpetas interiores previo a la aplicaci\u00f3n del acabado final del mismo. Para aplicarse manualmente.<\/p>\n","protected":false},"featured_media":8360,"comment_status":"open","ping_status":"closed","template":"","meta":[],"product_brand":[],"product_cat":[153,135,90],"product_tag":[136,155],"class_list":{"0":"post-8359","1":"product","2":"type-product","3":"status-publish","4":"has-post-thumbnail","6":"product_cat-pisos-y-revestimientos-industriales","7":"product_cat-productos-cementicios","8":"product_cat-sika","9":"product_tag-mortero-cementicio","10":"product_tag-pisos-industriales","12":"first","13":"instock","14":"shipping-taxable","15":"purchasable","16":"product-type-simple"},"yoast_head":"<!-- This site is optimized with the Yoast SEO plugin v27.2 - https:\/\/yoast.com\/product\/yoast-seo-wordpress\/ -->\n<title>Sikafloor 200 Level x 25 kg. - Tecnourquiza, productos SIKA Argentina<\/title>\n<meta name=\"robots\" content=\"index, follow, max-snippet:-1, max-image-preview:large, max-video-preview:-1\" \/>\n<link rel=\"canonical\" href=\"https:\/\/tecnourquiza.com.ar\/?product=sikafloor-200-level-x-25-kg\" \/>\n<meta property=\"og:locale\" content=\"es_ES\" \/>\n<meta property=\"og:type\" content=\"article\" \/>\n<meta property=\"og:title\" content=\"Sikafloor 200 Level x 25 kg. - Tecnourquiza, productos SIKA Argentina\" \/>\n<meta property=\"og:description\" content=\"Mortero de nivelaci\u00f3n autonivelante, de endurecimiento r\u00e1pido, para uso en espesores de 4 a 20 mm.  Es un mortero de base cement\u00edcia, modificado con pol\u00edmeros, monocomponente, autonivelante y de endurecimiento r\u00e1pido, para la regularizaci\u00f3n y nivelaci\u00f3n de pisos y carpetas interiores previo a la aplicaci\u00f3n del acabado final del mismo. Para aplicarse manualmente.\" \/>\n<meta property=\"og:url\" content=\"https:\/\/tecnourquiza.com.ar\/?product=sikafloor-200-level-x-25-kg\" \/>\n<meta property=\"og:site_name\" content=\"Tecnourquiza, productos SIKA Argentina\" \/>\n<meta property=\"article:modified_time\" content=\"2020-01-06T17:37:41+00:00\" \/>\n<meta property=\"og:image\" content=\"https:\/\/tecnourquiza.com.ar\/wp-content\/uploads\/2020\/01\/sikafloor-200-level-autonivelante.jpg\" \/>\n\t<meta property=\"og:image:width\" content=\"746\" \/>\n\t<meta property=\"og:image:height\" content=\"914\" \/>\n\t<meta property=\"og:image:type\" content=\"image\/jpeg\" \/>\n<meta name=\"twitter:card\" content=\"summary_large_image\" \/>\n<meta name=\"twitter:label1\" content=\"Tiempo de lectura\" \/>\n\t<meta name=\"twitter:data1\" content=\"2 minutos\" \/>\n<script type=\"application\/ld+json\" class=\"yoast-schema-graph\">{\"@context\":\"https:\/\/schema.org\",\"@graph\":[{\"@type\":\"WebPage\",\"@id\":\"https:\/\/tecnourquiza.com.ar\/?product=sikafloor-200-level-x-25-kg\",\"url\":\"https:\/\/tecnourquiza.com.ar\/?product=sikafloor-200-level-x-25-kg\",\"name\":\"Sikafloor 200 Level x 25 kg. - Tecnourquiza, productos SIKA Argentina\",\"isPartOf\":{\"@id\":\"https:\/\/tecnourquiza.com.ar\/#website\"},\"primaryImageOfPage\":{\"@id\":\"https:\/\/tecnourquiza.com.ar\/?product=sikafloor-200-level-x-25-kg#primaryimage\"},\"image\":{\"@id\":\"https:\/\/tecnourquiza.com.ar\/?product=sikafloor-200-level-x-25-kg#primaryimage\"},\"thumbnailUrl\":\"https:\/\/tecnourquiza.com.ar\/wp-content\/uploads\/2020\/01\/sikafloor-200-level-autonivelante.jpg\",\"datePublished\":\"2020-01-06T16:44:12+00:00\",\"dateModified\":\"2020-01-06T17:37:41+00:00\",\"breadcrumb\":{\"@id\":\"https:\/\/tecnourquiza.com.ar\/?product=sikafloor-200-level-x-25-kg#breadcrumb\"},\"inLanguage\":\"es\",\"potentialAction\":[{\"@type\":\"ReadAction\",\"target\":[\"https:\/\/tecnourquiza.com.ar\/?product=sikafloor-200-level-x-25-kg\"]}]},{\"@type\":\"ImageObject\",\"inLanguage\":\"es\",\"@id\":\"https:\/\/tecnourquiza.com.ar\/?product=sikafloor-200-level-x-25-kg#primaryimage\",\"url\":\"https:\/\/tecnourquiza.com.ar\/wp-content\/uploads\/2020\/01\/sikafloor-200-level-autonivelante.jpg\",\"contentUrl\":\"https:\/\/tecnourquiza.com.ar\/wp-content\/uploads\/2020\/01\/sikafloor-200-level-autonivelante.jpg\",\"width\":746,\"height\":914},{\"@type\":\"BreadcrumbList\",\"@id\":\"https:\/\/tecnourquiza.com.ar\/?product=sikafloor-200-level-x-25-kg#breadcrumb\",\"itemListElement\":[{\"@type\":\"ListItem\",\"position\":1,\"name\":\"Portada\",\"item\":\"https:\/\/tecnourquiza.com.ar\/\"},{\"@type\":\"ListItem\",\"position\":2,\"name\":\"Productos\",\"item\":\"https:\/\/tecnourquiza.com.ar\/?post_type=product\"},{\"@type\":\"ListItem\",\"position\":3,\"name\":\"Sikafloor 200 Level x 25 kg.\"}]},{\"@type\":\"WebSite\",\"@id\":\"https:\/\/tecnourquiza.com.ar\/#website\",\"url\":\"https:\/\/tecnourquiza.com.ar\/\",\"name\":\"Tecnourquiza, productos SIKA Argentina\",\"description\":\"Comercializamos productos de la marca Sika Argentina\",\"publisher\":{\"@id\":\"https:\/\/tecnourquiza.com.ar\/#organization\"},\"potentialAction\":[{\"@type\":\"SearchAction\",\"target\":{\"@type\":\"EntryPoint\",\"urlTemplate\":\"https:\/\/tecnourquiza.com.ar\/?s={search_term_string}\"},\"query-input\":{\"@type\":\"PropertyValueSpecification\",\"valueRequired\":true,\"valueName\":\"search_term_string\"}}],\"inLanguage\":\"es\"},{\"@type\":\"Organization\",\"@id\":\"https:\/\/tecnourquiza.com.ar\/#organization\",\"name\":\"Tecnourquiza, productos SIKA Argentina\",\"url\":\"https:\/\/tecnourquiza.com.ar\/\",\"logo\":{\"@type\":\"ImageObject\",\"inLanguage\":\"es\",\"@id\":\"https:\/\/tecnourquiza.com.ar\/#\/schema\/logo\/image\/\",\"url\":\"https:\/\/tecnourquiza.com.ar\/wp-content\/uploads\/2025\/05\/logo-tecnourquiza-transparente.png\",\"contentUrl\":\"https:\/\/tecnourquiza.com.ar\/wp-content\/uploads\/2025\/05\/logo-tecnourquiza-transparente.png\",\"width\":360,\"height\":74,\"caption\":\"Tecnourquiza, productos SIKA Argentina\"},\"image\":{\"@id\":\"https:\/\/tecnourquiza.com.ar\/#\/schema\/logo\/image\/\"}}]}<\/script>\n<!-- \/ Yoast SEO plugin. -->","yoast_head_json":{"title":"Sikafloor 200 Level x 25 kg. - Tecnourquiza, productos SIKA Argentina","robots":{"index":"index","follow":"follow","max-snippet":"max-snippet:-1","max-image-preview":"max-image-preview:large","max-video-preview":"max-video-preview:-1"},"canonical":"https:\/\/tecnourquiza.com.ar\/?product=sikafloor-200-level-x-25-kg","og_locale":"es_ES","og_type":"article","og_title":"Sikafloor 200 Level x 25 kg. - Tecnourquiza, productos SIKA Argentina","og_description":"Mortero de nivelaci\u00f3n autonivelante, de endurecimiento r\u00e1pido, para uso en espesores de 4 a 20 mm.  Es un mortero de base cement\u00edcia, modificado con pol\u00edmeros, monocomponente, autonivelante y de endurecimiento r\u00e1pido, para la regularizaci\u00f3n y nivelaci\u00f3n de pisos y carpetas interiores previo a la aplicaci\u00f3n del acabado final del mismo. Para aplicarse manualmente.","og_url":"https:\/\/tecnourquiza.com.ar\/?product=sikafloor-200-level-x-25-kg","og_site_name":"Tecnourquiza, productos SIKA Argentina","article_modified_time":"2020-01-06T17:37:41+00:00","og_image":[{"width":746,"height":914,"url":"https:\/\/tecnourquiza.com.ar\/wp-content\/uploads\/2020\/01\/sikafloor-200-level-autonivelante.jpg","type":"image\/jpeg"}],"twitter_card":"summary_large_image","twitter_misc":{"Tiempo de lectura":"2 minutos"},"schema":{"@context":"https:\/\/schema.org","@graph":[{"@type":"WebPage","@id":"https:\/\/tecnourquiza.com.ar\/?product=sikafloor-200-level-x-25-kg","url":"https:\/\/tecnourquiza.com.ar\/?product=sikafloor-200-level-x-25-kg","name":"Sikafloor 200 Level x 25 kg. - Tecnourquiza, productos SIKA Argentina","isPartOf":{"@id":"https:\/\/tecnourquiza.com.ar\/#website"},"primaryImageOfPage":{"@id":"https:\/\/tecnourquiza.com.ar\/?product=sikafloor-200-level-x-25-kg#primaryimage"},"image":{"@id":"https:\/\/tecnourquiza.com.ar\/?product=sikafloor-200-level-x-25-kg#primaryimage"},"thumbnailUrl":"https:\/\/tecnourquiza.com.ar\/wp-content\/uploads\/2020\/01\/sikafloor-200-level-autonivelante.jpg","datePublished":"2020-01-06T16:44:12+00:00","dateModified":"2020-01-06T17:37:41+00:00","breadcrumb":{"@id":"https:\/\/tecnourquiza.com.ar\/?product=sikafloor-200-level-x-25-kg#breadcrumb"},"inLanguage":"es","potentialAction":[{"@type":"ReadAction","target":["https:\/\/tecnourquiza.com.ar\/?product=sikafloor-200-level-x-25-kg"]}]},{"@type":"ImageObject","inLanguage":"es","@id":"https:\/\/tecnourquiza.com.ar\/?product=sikafloor-200-level-x-25-kg#primaryimage","url":"https:\/\/tecnourquiza.com.ar\/wp-content\/uploads\/2020\/01\/sikafloor-200-level-autonivelante.jpg","contentUrl":"https:\/\/tecnourquiza.com.ar\/wp-content\/uploads\/2020\/01\/sikafloor-200-level-autonivelante.jpg","width":746,"height":914},{"@type":"BreadcrumbList","@id":"https:\/\/tecnourquiza.com.ar\/?product=sikafloor-200-level-x-25-kg#breadcrumb","itemListElement":[{"@type":"ListItem","position":1,"name":"Portada","item":"https:\/\/tecnourquiza.com.ar\/"},{"@type":"ListItem","position":2,"name":"Productos","item":"https:\/\/tecnourquiza.com.ar\/?post_type=product"},{"@type":"ListItem","position":3,"name":"Sikafloor 200 Level x 25 kg."}]},{"@type":"WebSite","@id":"https:\/\/tecnourquiza.com.ar\/#website","url":"https:\/\/tecnourquiza.com.ar\/","name":"Tecnourquiza, productos SIKA Argentina","description":"Comercializamos productos de la marca Sika Argentina","publisher":{"@id":"https:\/\/tecnourquiza.com.ar\/#organization"},"potentialAction":[{"@type":"SearchAction","target":{"@type":"EntryPoint","urlTemplate":"https:\/\/tecnourquiza.com.ar\/?s={search_term_string}"},"query-input":{"@type":"PropertyValueSpecification","valueRequired":true,"valueName":"search_term_string"}}],"inLanguage":"es"},{"@type":"Organization","@id":"https:\/\/tecnourquiza.com.ar\/#organization","name":"Tecnourquiza, productos SIKA Argentina","url":"https:\/\/tecnourquiza.com.ar\/","logo":{"@type":"ImageObject","inLanguage":"es","@id":"https:\/\/tecnourquiza.com.ar\/#\/schema\/logo\/image\/","url":"https:\/\/tecnourquiza.com.ar\/wp-content\/uploads\/2025\/05\/logo-tecnourquiza-transparente.png","contentUrl":"https:\/\/tecnourquiza.com.ar\/wp-content\/uploads\/2025\/05\/logo-tecnourquiza-transparente.png","width":360,"height":74,"caption":"Tecnourquiza, productos SIKA Argentina"},"image":{"@id":"https:\/\/tecnourquiza.com.ar\/#\/schema\/logo\/image\/"}}]}},"_links":{"self":[{"href":"https:\/\/tecnourquiza.com.ar\/index.php?rest_route=\/wp\/v2\/product\/8359","targetHints":{"allow":["GET"]}}],"collection":[{"href":"https:\/\/tecnourquiza.com.ar\/index.php?rest_route=\/wp\/v2\/product"}],"about":[{"href":"https:\/\/tecnourquiza.com.ar\/index.php?rest_route=\/wp\/v2\/types\/product"}],"replies":[{"embeddable":true,"href":"https:\/\/tecnourquiza.com.ar\/index.php?rest_route=%2Fwp%2Fv2%2Fcomments&post=8359"}],"wp:featuredmedia":[{"embeddable":true,"href":"https:\/\/tecnourquiza.com.ar\/index.php?rest_route=\/wp\/v2\/media\/8360"}],"wp:attachment":[{"href":"https:\/\/tecnourquiza.com.ar\/index.php?rest_route=%2Fwp%2Fv2%2Fmedia&parent=8359"}],"wp:term":[{"taxonomy":"product_brand","embeddable":true,"href":"https:\/\/tecnourquiza.com.ar\/index.php?rest_route=%2Fwp%2Fv2%2Fproduct_brand&post=8359"},{"taxonomy":"product_cat","embeddable":true,"href":"https:\/\/tecnourquiza.com.ar\/index.php?rest_route=%2Fwp%2Fv2%2Fproduct_cat&post=8359"},{"taxonomy":"product_tag","embeddable":true,"href":"https:\/\/tecnourquiza.com.ar\/index.php?rest_route=%2Fwp%2Fv2%2Fproduct_tag&post=8359"}],"curies":[{"name":"wp","href":"https:\/\/api.w.org\/{rel}","templated":true}]}}