{"id":8345,"date":"2020-01-03T14:20:53","date_gmt":"2020-01-03T14:20:53","guid":{"rendered":"http:\/\/tecnourquiza.com.ar\/?post_type=product&#038;p=8345"},"modified":"2021-03-11T16:11:19","modified_gmt":"2021-03-11T16:11:19","slug":"sikacim-ligante-doy-pack-de-1kg","status":"publish","type":"product","link":"https:\/\/tecnourquiza.com.ar\/?product=sikacim-ligante-doy-pack-de-1kg","title":{"rendered":"SikaCim Ligante doy pack de 1kg"},"content":{"rendered":"<h3 class=\"headline-element\">USO<\/h3>\n<hr \/>\n<p>Se agrega al agua de empastado y est\u00e1 indicado para:<\/p>\n<ul>\n<li>Generar puentes de adherencia entre las bases y las terminaciones.<\/li>\n<li>Mejorar las caracter\u00edsticas de mezclas para hacer revoques de alba\u00f1iler\u00eda en general.<\/li>\n<li>Imprimar superficies que recibir\u00e1n pinturas o enduidos, sellando la porosidad. de la base y actuando como ligante.<\/li>\n<li>Permitir ejecutar eficazmente alisados y nivelaciones de superficies.<\/li>\n<li>Mejorar la fijaci\u00f3n de revestimientos lisos y texturados en general.<\/li>\n<li>Incrementar la adherencia y resistencia a la abrasi\u00f3n en pinturas y morteros a la cal y enduidos de yeso.<\/li>\n<li>Reparar revoques a la cal, evitando figuraciones por retracci\u00f3n.<\/li>\n<li>Mejorar la impermeabilidad de sustratos p\u00e9treos.<\/li>\n<\/ul>\n<p>&nbsp;<\/p>\n<h3 class=\"headline-element\">CARACTER\u00cdSTICAS<\/h3>\n<hr \/>\n<ul>\n<li>Confiere excelente adherencia a revoques, pinturas, enduidos y revestimientos.<\/li>\n<li>Mejora la trabajabilidad, plasticidad y facilita la aplicaci\u00f3n de las mezclas.<\/li>\n<li>Aumenta la cohesi\u00f3n, impermeabilidad y durabilidad.<\/li>\n<li>Reduce el riesgo de fisuraciones perimetrales por contracci\u00f3n en la reparaci\u00f3n de revoques existentes.<\/li>\n<li>Consolida revoques d\u00e9biles y terminaciones flojas o con polvillo.<\/li>\n<li>Sobre revoques frescos, reduce la exudaci\u00f3n y colabora en la retenci\u00f3n del agua de empastado, evitando microfisuraciones.<\/li>\n<li>Mejora el comportamiento ante la acci\u00f3n de sustancias qu\u00edmicas.<\/li>\n<li>No es barrera de vapor.<\/li>\n<\/ul>\n<p class=\"headline-element\"><strong>COLOR:<\/strong> L\u00edquido de color blanco<\/p>\n<p class=\"headline-element\"><strong>PRESENTACI\u00d3N:<\/strong> En bidones de 1 lt, 4 lts y de 10 lts \/ en baldes de 20 lts y en tambores de 200 lts.<\/p>\n<p>[vc_row][vc_column][vc_btn title=&#8221;Ficha T\u00e9cnica&#8221; color=&#8221;warning&#8221; link=&#8221;url:http%3A%2F%2Ftecnourquiza.com.ar%2Fwp-content%2Fuploads%2F2020%2F01%2FHoja-t%C3%A9cnica-de-producto-SikaCim-Ligante-Universal.pdf|title:Ficha%20T%C3%A9cnica|target:%20_blank|&#8221;][\/vc_column][\/vc_row]<\/p>\n","protected":false},"excerpt":{"rendered":"<p>Emulsi\u00f3n ligante vin\u00edlica para revoques.<\/p>\n<p>Es una emulsi\u00f3n sint\u00e9tica, modificada con aditivos y plastificantes, que mezclada con el agua de empastado sirve para lograr lechadas de adherencia entre etapas de construcci\u00f3n. Adem\u00e1s, incorporado a morteros, mezclas cement\u00edceas y a la cal, pinturas, revestimientos y otras terminaciones, les mejorar las caracter\u00edsticas y calidad.<\/p>\n","protected":false},"featured_media":8346,"comment_status":"open","ping_status":"closed","template":"","meta":[],"product_brand":[],"product_cat":[140,90],"product_tag":[148],"class_list":{"0":"post-8345","1":"product","2":"type-product","3":"status-publish","4":"has-post-thumbnail","6":"product_cat-aditivos-para-hormigon","7":"product_cat-sika","8":"product_tag-emulsion-ligante-acrilica","10":"first","11":"instock","12":"shipping-taxable","13":"product-type-simple"},"yoast_head":"<!-- This site is optimized with the Yoast SEO plugin v27.2 - https:\/\/yoast.com\/product\/yoast-seo-wordpress\/ -->\n<title>SikaCim Ligante doy pack de 1kg - Tecnourquiza, productos SIKA Argentina<\/title>\n<meta name=\"robots\" content=\"index, follow, max-snippet:-1, max-image-preview:large, max-video-preview:-1\" \/>\n<link rel=\"canonical\" href=\"https:\/\/tecnourquiza.com.ar\/?product=sikacim-ligante-doy-pack-de-1kg\" \/>\n<meta property=\"og:locale\" content=\"es_ES\" \/>\n<meta property=\"og:type\" content=\"article\" \/>\n<meta property=\"og:title\" content=\"SikaCim Ligante doy pack de 1kg - Tecnourquiza, productos SIKA Argentina\" \/>\n<meta property=\"og:description\" content=\"Emulsi\u00f3n ligante vin\u00edlica para revoques.  Es una emulsi\u00f3n sint\u00e9tica, modificada con aditivos y plastificantes, que mezclada con el agua de empastado sirve para lograr lechadas de adherencia entre etapas de construcci\u00f3n. Adem\u00e1s, incorporado a morteros, mezclas cement\u00edceas y a la cal, pinturas, revestimientos y otras terminaciones, les mejorar las caracter\u00edsticas y calidad.\" \/>\n<meta property=\"og:url\" content=\"https:\/\/tecnourquiza.com.ar\/?product=sikacim-ligante-doy-pack-de-1kg\" \/>\n<meta property=\"og:site_name\" content=\"Tecnourquiza, productos SIKA Argentina\" \/>\n<meta property=\"article:modified_time\" content=\"2021-03-11T16:11:19+00:00\" \/>\n<meta property=\"og:image\" content=\"https:\/\/tecnourquiza.com.ar\/wp-content\/uploads\/2020\/01\/SikaCim_1LT.jpg\" \/>\n\t<meta property=\"og:image:width\" content=\"800\" \/>\n\t<meta property=\"og:image:height\" content=\"800\" \/>\n\t<meta property=\"og:image:type\" content=\"image\/jpeg\" \/>\n<meta name=\"twitter:card\" content=\"summary_large_image\" \/>\n<meta name=\"twitter:label1\" content=\"Tiempo de lectura\" \/>\n\t<meta name=\"twitter:data1\" content=\"1 minuto\" \/>\n<script type=\"application\/ld+json\" class=\"yoast-schema-graph\">{\"@context\":\"https:\/\/schema.org\",\"@graph\":[{\"@type\":\"WebPage\",\"@id\":\"https:\/\/tecnourquiza.com.ar\/?product=sikacim-ligante-doy-pack-de-1kg\",\"url\":\"https:\/\/tecnourquiza.com.ar\/?product=sikacim-ligante-doy-pack-de-1kg\",\"name\":\"SikaCim Ligante doy pack de 1kg - Tecnourquiza, productos SIKA Argentina\",\"isPartOf\":{\"@id\":\"https:\/\/tecnourquiza.com.ar\/#website\"},\"primaryImageOfPage\":{\"@id\":\"https:\/\/tecnourquiza.com.ar\/?product=sikacim-ligante-doy-pack-de-1kg#primaryimage\"},\"image\":{\"@id\":\"https:\/\/tecnourquiza.com.ar\/?product=sikacim-ligante-doy-pack-de-1kg#primaryimage\"},\"thumbnailUrl\":\"https:\/\/tecnourquiza.com.ar\/wp-content\/uploads\/2020\/01\/SikaCim_1LT.jpg\",\"datePublished\":\"2020-01-03T14:20:53+00:00\",\"dateModified\":\"2021-03-11T16:11:19+00:00\",\"breadcrumb\":{\"@id\":\"https:\/\/tecnourquiza.com.ar\/?product=sikacim-ligante-doy-pack-de-1kg#breadcrumb\"},\"inLanguage\":\"es\",\"potentialAction\":[{\"@type\":\"ReadAction\",\"target\":[\"https:\/\/tecnourquiza.com.ar\/?product=sikacim-ligante-doy-pack-de-1kg\"]}]},{\"@type\":\"ImageObject\",\"inLanguage\":\"es\",\"@id\":\"https:\/\/tecnourquiza.com.ar\/?product=sikacim-ligante-doy-pack-de-1kg#primaryimage\",\"url\":\"https:\/\/tecnourquiza.com.ar\/wp-content\/uploads\/2020\/01\/SikaCim_1LT.jpg\",\"contentUrl\":\"https:\/\/tecnourquiza.com.ar\/wp-content\/uploads\/2020\/01\/SikaCim_1LT.jpg\",\"width\":800,\"height\":800},{\"@type\":\"BreadcrumbList\",\"@id\":\"https:\/\/tecnourquiza.com.ar\/?product=sikacim-ligante-doy-pack-de-1kg#breadcrumb\",\"itemListElement\":[{\"@type\":\"ListItem\",\"position\":1,\"name\":\"Portada\",\"item\":\"https:\/\/tecnourquiza.com.ar\/\"},{\"@type\":\"ListItem\",\"position\":2,\"name\":\"Productos\",\"item\":\"https:\/\/tecnourquiza.com.ar\/?post_type=product\"},{\"@type\":\"ListItem\",\"position\":3,\"name\":\"SikaCim Ligante doy pack de 1kg\"}]},{\"@type\":\"WebSite\",\"@id\":\"https:\/\/tecnourquiza.com.ar\/#website\",\"url\":\"https:\/\/tecnourquiza.com.ar\/\",\"name\":\"Tecnourquiza, productos SIKA Argentina\",\"description\":\"Comercializamos productos de la marca Sika Argentina\",\"publisher\":{\"@id\":\"https:\/\/tecnourquiza.com.ar\/#organization\"},\"potentialAction\":[{\"@type\":\"SearchAction\",\"target\":{\"@type\":\"EntryPoint\",\"urlTemplate\":\"https:\/\/tecnourquiza.com.ar\/?s={search_term_string}\"},\"query-input\":{\"@type\":\"PropertyValueSpecification\",\"valueRequired\":true,\"valueName\":\"search_term_string\"}}],\"inLanguage\":\"es\"},{\"@type\":\"Organization\",\"@id\":\"https:\/\/tecnourquiza.com.ar\/#organization\",\"name\":\"Tecnourquiza, productos SIKA Argentina\",\"url\":\"https:\/\/tecnourquiza.com.ar\/\",\"logo\":{\"@type\":\"ImageObject\",\"inLanguage\":\"es\",\"@id\":\"https:\/\/tecnourquiza.com.ar\/#\/schema\/logo\/image\/\",\"url\":\"https:\/\/tecnourquiza.com.ar\/wp-content\/uploads\/2025\/05\/logo-tecnourquiza-transparente.png\",\"contentUrl\":\"https:\/\/tecnourquiza.com.ar\/wp-content\/uploads\/2025\/05\/logo-tecnourquiza-transparente.png\",\"width\":360,\"height\":74,\"caption\":\"Tecnourquiza, productos SIKA Argentina\"},\"image\":{\"@id\":\"https:\/\/tecnourquiza.com.ar\/#\/schema\/logo\/image\/\"}}]}<\/script>\n<!-- \/ Yoast SEO plugin. -->","yoast_head_json":{"title":"SikaCim Ligante doy pack de 1kg - Tecnourquiza, productos SIKA Argentina","robots":{"index":"index","follow":"follow","max-snippet":"max-snippet:-1","max-image-preview":"max-image-preview:large","max-video-preview":"max-video-preview:-1"},"canonical":"https:\/\/tecnourquiza.com.ar\/?product=sikacim-ligante-doy-pack-de-1kg","og_locale":"es_ES","og_type":"article","og_title":"SikaCim Ligante doy pack de 1kg - Tecnourquiza, productos SIKA Argentina","og_description":"Emulsi\u00f3n ligante vin\u00edlica para revoques.  Es una emulsi\u00f3n sint\u00e9tica, modificada con aditivos y plastificantes, que mezclada con el agua de empastado sirve para lograr lechadas de adherencia entre etapas de construcci\u00f3n. Adem\u00e1s, incorporado a morteros, mezclas cement\u00edceas y a la cal, pinturas, revestimientos y otras terminaciones, les mejorar las caracter\u00edsticas y calidad.","og_url":"https:\/\/tecnourquiza.com.ar\/?product=sikacim-ligante-doy-pack-de-1kg","og_site_name":"Tecnourquiza, productos SIKA Argentina","article_modified_time":"2021-03-11T16:11:19+00:00","og_image":[{"width":800,"height":800,"url":"https:\/\/tecnourquiza.com.ar\/wp-content\/uploads\/2020\/01\/SikaCim_1LT.jpg","type":"image\/jpeg"}],"twitter_card":"summary_large_image","twitter_misc":{"Tiempo de lectura":"1 minuto"},"schema":{"@context":"https:\/\/schema.org","@graph":[{"@type":"WebPage","@id":"https:\/\/tecnourquiza.com.ar\/?product=sikacim-ligante-doy-pack-de-1kg","url":"https:\/\/tecnourquiza.com.ar\/?product=sikacim-ligante-doy-pack-de-1kg","name":"SikaCim Ligante doy pack de 1kg - Tecnourquiza, productos SIKA Argentina","isPartOf":{"@id":"https:\/\/tecnourquiza.com.ar\/#website"},"primaryImageOfPage":{"@id":"https:\/\/tecnourquiza.com.ar\/?product=sikacim-ligante-doy-pack-de-1kg#primaryimage"},"image":{"@id":"https:\/\/tecnourquiza.com.ar\/?product=sikacim-ligante-doy-pack-de-1kg#primaryimage"},"thumbnailUrl":"https:\/\/tecnourquiza.com.ar\/wp-content\/uploads\/2020\/01\/SikaCim_1LT.jpg","datePublished":"2020-01-03T14:20:53+00:00","dateModified":"2021-03-11T16:11:19+00:00","breadcrumb":{"@id":"https:\/\/tecnourquiza.com.ar\/?product=sikacim-ligante-doy-pack-de-1kg#breadcrumb"},"inLanguage":"es","potentialAction":[{"@type":"ReadAction","target":["https:\/\/tecnourquiza.com.ar\/?product=sikacim-ligante-doy-pack-de-1kg"]}]},{"@type":"ImageObject","inLanguage":"es","@id":"https:\/\/tecnourquiza.com.ar\/?product=sikacim-ligante-doy-pack-de-1kg#primaryimage","url":"https:\/\/tecnourquiza.com.ar\/wp-content\/uploads\/2020\/01\/SikaCim_1LT.jpg","contentUrl":"https:\/\/tecnourquiza.com.ar\/wp-content\/uploads\/2020\/01\/SikaCim_1LT.jpg","width":800,"height":800},{"@type":"BreadcrumbList","@id":"https:\/\/tecnourquiza.com.ar\/?product=sikacim-ligante-doy-pack-de-1kg#breadcrumb","itemListElement":[{"@type":"ListItem","position":1,"name":"Portada","item":"https:\/\/tecnourquiza.com.ar\/"},{"@type":"ListItem","position":2,"name":"Productos","item":"https:\/\/tecnourquiza.com.ar\/?post_type=product"},{"@type":"ListItem","position":3,"name":"SikaCim Ligante doy pack de 1kg"}]},{"@type":"WebSite","@id":"https:\/\/tecnourquiza.com.ar\/#website","url":"https:\/\/tecnourquiza.com.ar\/","name":"Tecnourquiza, productos SIKA Argentina","description":"Comercializamos productos de la marca Sika Argentina","publisher":{"@id":"https:\/\/tecnourquiza.com.ar\/#organization"},"potentialAction":[{"@type":"SearchAction","target":{"@type":"EntryPoint","urlTemplate":"https:\/\/tecnourquiza.com.ar\/?s={search_term_string}"},"query-input":{"@type":"PropertyValueSpecification","valueRequired":true,"valueName":"search_term_string"}}],"inLanguage":"es"},{"@type":"Organization","@id":"https:\/\/tecnourquiza.com.ar\/#organization","name":"Tecnourquiza, productos SIKA Argentina","url":"https:\/\/tecnourquiza.com.ar\/","logo":{"@type":"ImageObject","inLanguage":"es","@id":"https:\/\/tecnourquiza.com.ar\/#\/schema\/logo\/image\/","url":"https:\/\/tecnourquiza.com.ar\/wp-content\/uploads\/2025\/05\/logo-tecnourquiza-transparente.png","contentUrl":"https:\/\/tecnourquiza.com.ar\/wp-content\/uploads\/2025\/05\/logo-tecnourquiza-transparente.png","width":360,"height":74,"caption":"Tecnourquiza, productos SIKA Argentina"},"image":{"@id":"https:\/\/tecnourquiza.com.ar\/#\/schema\/logo\/image\/"}}]}},"_links":{"self":[{"href":"https:\/\/tecnourquiza.com.ar\/index.php?rest_route=\/wp\/v2\/product\/8345","targetHints":{"allow":["GET"]}}],"collection":[{"href":"https:\/\/tecnourquiza.com.ar\/index.php?rest_route=\/wp\/v2\/product"}],"about":[{"href":"https:\/\/tecnourquiza.com.ar\/index.php?rest_route=\/wp\/v2\/types\/product"}],"replies":[{"embeddable":true,"href":"https:\/\/tecnourquiza.com.ar\/index.php?rest_route=%2Fwp%2Fv2%2Fcomments&post=8345"}],"wp:featuredmedia":[{"embeddable":true,"href":"https:\/\/tecnourquiza.com.ar\/index.php?rest_route=\/wp\/v2\/media\/8346"}],"wp:attachment":[{"href":"https:\/\/tecnourquiza.com.ar\/index.php?rest_route=%2Fwp%2Fv2%2Fmedia&parent=8345"}],"wp:term":[{"taxonomy":"product_brand","embeddable":true,"href":"https:\/\/tecnourquiza.com.ar\/index.php?rest_route=%2Fwp%2Fv2%2Fproduct_brand&post=8345"},{"taxonomy":"product_cat","embeddable":true,"href":"https:\/\/tecnourquiza.com.ar\/index.php?rest_route=%2Fwp%2Fv2%2Fproduct_cat&post=8345"},{"taxonomy":"product_tag","embeddable":true,"href":"https:\/\/tecnourquiza.com.ar\/index.php?rest_route=%2Fwp%2Fv2%2Fproduct_tag&post=8345"}],"curies":[{"name":"wp","href":"https:\/\/api.w.org\/{rel}","templated":true}]}}