{"id":8333,"date":"2020-01-03T13:46:23","date_gmt":"2020-01-03T13:46:23","guid":{"rendered":"http:\/\/tecnourquiza.com.ar\/?post_type=product&#038;p=8333"},"modified":"2020-01-03T14:03:23","modified_gmt":"2020-01-03T14:03:23","slug":"sika-viscocrete-3085-tambor-220-kg","status":"publish","type":"product","link":"https:\/\/tecnourquiza.com.ar\/?product=sika-viscocrete-3085-tambor-220-kg","title":{"rendered":"Sika Viscocrete 3085 Tambor 220 kg."},"content":{"rendered":"<h3 class=\"headline-element\">Usos<\/h3>\n<hr \/>\n<p>Es sumamente indicado para la elaboraci\u00f3n de hormigones autocompactantes.<\/p>\n<p>Es utilizado adem\u00e1s, en los siguientes tipos de hormig\u00f3n:<\/p>\n<ul>\n<li>Hormigones de alta calidad de terminaci\u00f3n.<\/li>\n<li>Hormigones que requieran trabajabilidad extendida en el tiempo.<\/li>\n<li>Hormigones de alta resistencia inicial y final.<\/li>\n<li>Hormig\u00f3n elaborado de elevada fluidez.<\/li>\n<li>Hormigones de estructuras sometidas a ambientes agresivos.<\/li>\n<\/ul>\n<p>Por la alta reducci\u00f3n de agua, la elevada fluidez y las altas resistencias, se obtiene con este aditivo un hormig\u00f3n de excelente desempe\u00f1o en productividad, comportamiento mec\u00e1nico y durabilidad.<\/p>\n<p>&nbsp;<\/p>\n<h3 class=\"headline-element\">Caracter\u00edsticas<\/h3>\n<hr \/>\n<p class=\"headline-element\">Sika Viscocrete 3085 act\u00faa por diferentes mecanismos a trav\u00e9s de la adsorci\u00f3n superficial y los efectos de la separaci\u00f3n est\u00e9rica sobre las part\u00edculas de cemento mejorando la trabajabilidad de los hormigones y la hidrataci\u00f3n del aglomerante.<\/p>\n<p>Las caracter\u00edsticas y propiedades obtenidas son las siguientes:<\/p>\n<ul>\n<li>Alto poder plastificante, que es conveniente para la producci\u00f3n de hormig\u00f3n autocompactante.<\/li>\n<li>Alta reducci\u00f3n de agua (incidiendo favorablemente en la densidad y las resistencias).<\/li>\n<li>Excelente mantenimiento de la trabajabilidad: mayor a 45 minutos.<\/li>\n<li>Incremento del desarrollo de resistencias cuando se usa como reductor de agua.<\/li>\n<li>Mejora el comportamiento ante las retracciones del hormig\u00f3n.<\/li>\n<li>Disminuye la permeabilidad del hormig\u00f3n aumentando su resistencia a los ataques qu\u00edmicos.<\/li>\n<li>Sika Viscocrete 3085 no contiene cloruros ni otro tipo de agentes agresivos u otros productos que generan corrosi\u00f3n en el acero. Este puede ser usado sin restricciones en la producci\u00f3n del hormig\u00f3n armado y pretensado.<\/li>\n<\/ul>\n<p class=\"headline-element\"><strong>Color:<\/strong> \u00c1mbar<\/p>\n<p class=\"headline-element\"><strong>Presentaci\u00f3n:<\/strong>\u00a0Tambor 220 Kg.<\/p>\n<p>[vc_row][vc_column][vc_btn title=&#8221;Ficha T\u00e9cnica&#8221; color=&#8221;warning&#8221; link=&#8221;url:http%3A%2F%2Ftecnourquiza.com.ar%2Fwp-content%2Fuploads%2F2020%2F01%2FHoja-t%C3%A9cnica-de-producto-Sika-Viscocrete-3085.pdf|title:Ficha%20T%C3%A9cnica|target:%20_blank|&#8221;][\/vc_column][\/vc_row]<\/p>\n","protected":false},"excerpt":{"rendered":"<p>Reductor de agua de alto rango. Hiperplastificante.<\/p>\n","protected":false},"featured_media":8279,"comment_status":"open","ping_status":"closed","template":"","meta":[],"product_brand":[],"product_cat":[140,90],"product_tag":[150],"class_list":{"0":"post-8333","1":"product","2":"type-product","3":"status-publish","4":"has-post-thumbnail","6":"product_cat-aditivos-para-hormigon","7":"product_cat-sika","8":"product_tag-hiperplastificante","10":"first","11":"instock","12":"shipping-taxable","13":"purchasable","14":"product-type-simple"},"yoast_head":"<!-- This site is optimized with the Yoast SEO plugin v27.2 - https:\/\/yoast.com\/product\/yoast-seo-wordpress\/ -->\n<title>Sika Viscocrete 3085 Tambor 220 kg. - Tecnourquiza, productos SIKA Argentina<\/title>\n<meta name=\"robots\" content=\"index, follow, max-snippet:-1, max-image-preview:large, max-video-preview:-1\" \/>\n<link rel=\"canonical\" href=\"https:\/\/tecnourquiza.com.ar\/?product=sika-viscocrete-3085-tambor-220-kg\" \/>\n<meta property=\"og:locale\" content=\"es_ES\" \/>\n<meta property=\"og:type\" content=\"article\" \/>\n<meta property=\"og:title\" content=\"Sika Viscocrete 3085 Tambor 220 kg. - Tecnourquiza, productos SIKA Argentina\" \/>\n<meta property=\"og:description\" content=\"Reductor de agua de alto rango. Hiperplastificante.\" \/>\n<meta property=\"og:url\" content=\"https:\/\/tecnourquiza.com.ar\/?product=sika-viscocrete-3085-tambor-220-kg\" \/>\n<meta property=\"og:site_name\" content=\"Tecnourquiza, productos SIKA Argentina\" \/>\n<meta property=\"article:modified_time\" content=\"2020-01-03T14:03:23+00:00\" \/>\n<meta property=\"og:image\" content=\"https:\/\/tecnourquiza.com.ar\/wp-content\/uploads\/2019\/12\/SIKAMENT-CR.png\" \/>\n\t<meta property=\"og:image:width\" content=\"220\" \/>\n\t<meta property=\"og:image:height\" content=\"220\" \/>\n\t<meta property=\"og:image:type\" content=\"image\/png\" \/>\n<meta name=\"twitter:card\" content=\"summary_large_image\" \/>\n<meta name=\"twitter:label1\" content=\"Tiempo de lectura\" \/>\n\t<meta name=\"twitter:data1\" content=\"1 minuto\" \/>\n<script type=\"application\/ld+json\" class=\"yoast-schema-graph\">{\"@context\":\"https:\/\/schema.org\",\"@graph\":[{\"@type\":\"WebPage\",\"@id\":\"https:\/\/tecnourquiza.com.ar\/?product=sika-viscocrete-3085-tambor-220-kg\",\"url\":\"https:\/\/tecnourquiza.com.ar\/?product=sika-viscocrete-3085-tambor-220-kg\",\"name\":\"Sika Viscocrete 3085 Tambor 220 kg. - Tecnourquiza, productos SIKA Argentina\",\"isPartOf\":{\"@id\":\"https:\/\/tecnourquiza.com.ar\/#website\"},\"primaryImageOfPage\":{\"@id\":\"https:\/\/tecnourquiza.com.ar\/?product=sika-viscocrete-3085-tambor-220-kg#primaryimage\"},\"image\":{\"@id\":\"https:\/\/tecnourquiza.com.ar\/?product=sika-viscocrete-3085-tambor-220-kg#primaryimage\"},\"thumbnailUrl\":\"https:\/\/tecnourquiza.com.ar\/wp-content\/uploads\/2019\/12\/SIKAMENT-CR.png\",\"datePublished\":\"2020-01-03T13:46:23+00:00\",\"dateModified\":\"2020-01-03T14:03:23+00:00\",\"breadcrumb\":{\"@id\":\"https:\/\/tecnourquiza.com.ar\/?product=sika-viscocrete-3085-tambor-220-kg#breadcrumb\"},\"inLanguage\":\"es\",\"potentialAction\":[{\"@type\":\"ReadAction\",\"target\":[\"https:\/\/tecnourquiza.com.ar\/?product=sika-viscocrete-3085-tambor-220-kg\"]}]},{\"@type\":\"ImageObject\",\"inLanguage\":\"es\",\"@id\":\"https:\/\/tecnourquiza.com.ar\/?product=sika-viscocrete-3085-tambor-220-kg#primaryimage\",\"url\":\"https:\/\/tecnourquiza.com.ar\/wp-content\/uploads\/2019\/12\/SIKAMENT-CR.png\",\"contentUrl\":\"https:\/\/tecnourquiza.com.ar\/wp-content\/uploads\/2019\/12\/SIKAMENT-CR.png\",\"width\":220,\"height\":220},{\"@type\":\"BreadcrumbList\",\"@id\":\"https:\/\/tecnourquiza.com.ar\/?product=sika-viscocrete-3085-tambor-220-kg#breadcrumb\",\"itemListElement\":[{\"@type\":\"ListItem\",\"position\":1,\"name\":\"Portada\",\"item\":\"https:\/\/tecnourquiza.com.ar\/\"},{\"@type\":\"ListItem\",\"position\":2,\"name\":\"Productos\",\"item\":\"https:\/\/tecnourquiza.com.ar\/?post_type=product\"},{\"@type\":\"ListItem\",\"position\":3,\"name\":\"Sika Viscocrete 3085 Tambor 220 kg.\"}]},{\"@type\":\"WebSite\",\"@id\":\"https:\/\/tecnourquiza.com.ar\/#website\",\"url\":\"https:\/\/tecnourquiza.com.ar\/\",\"name\":\"Tecnourquiza, productos SIKA Argentina\",\"description\":\"Comercializamos productos de la marca Sika Argentina\",\"publisher\":{\"@id\":\"https:\/\/tecnourquiza.com.ar\/#organization\"},\"potentialAction\":[{\"@type\":\"SearchAction\",\"target\":{\"@type\":\"EntryPoint\",\"urlTemplate\":\"https:\/\/tecnourquiza.com.ar\/?s={search_term_string}\"},\"query-input\":{\"@type\":\"PropertyValueSpecification\",\"valueRequired\":true,\"valueName\":\"search_term_string\"}}],\"inLanguage\":\"es\"},{\"@type\":\"Organization\",\"@id\":\"https:\/\/tecnourquiza.com.ar\/#organization\",\"name\":\"Tecnourquiza, productos SIKA Argentina\",\"url\":\"https:\/\/tecnourquiza.com.ar\/\",\"logo\":{\"@type\":\"ImageObject\",\"inLanguage\":\"es\",\"@id\":\"https:\/\/tecnourquiza.com.ar\/#\/schema\/logo\/image\/\",\"url\":\"https:\/\/tecnourquiza.com.ar\/wp-content\/uploads\/2025\/05\/logo-tecnourquiza-transparente.png\",\"contentUrl\":\"https:\/\/tecnourquiza.com.ar\/wp-content\/uploads\/2025\/05\/logo-tecnourquiza-transparente.png\",\"width\":360,\"height\":74,\"caption\":\"Tecnourquiza, productos SIKA Argentina\"},\"image\":{\"@id\":\"https:\/\/tecnourquiza.com.ar\/#\/schema\/logo\/image\/\"}}]}<\/script>\n<!-- \/ Yoast SEO plugin. -->","yoast_head_json":{"title":"Sika Viscocrete 3085 Tambor 220 kg. - Tecnourquiza, productos SIKA Argentina","robots":{"index":"index","follow":"follow","max-snippet":"max-snippet:-1","max-image-preview":"max-image-preview:large","max-video-preview":"max-video-preview:-1"},"canonical":"https:\/\/tecnourquiza.com.ar\/?product=sika-viscocrete-3085-tambor-220-kg","og_locale":"es_ES","og_type":"article","og_title":"Sika Viscocrete 3085 Tambor 220 kg. - Tecnourquiza, productos SIKA Argentina","og_description":"Reductor de agua de alto rango. Hiperplastificante.","og_url":"https:\/\/tecnourquiza.com.ar\/?product=sika-viscocrete-3085-tambor-220-kg","og_site_name":"Tecnourquiza, productos SIKA Argentina","article_modified_time":"2020-01-03T14:03:23+00:00","og_image":[{"width":220,"height":220,"url":"https:\/\/tecnourquiza.com.ar\/wp-content\/uploads\/2019\/12\/SIKAMENT-CR.png","type":"image\/png"}],"twitter_card":"summary_large_image","twitter_misc":{"Tiempo de lectura":"1 minuto"},"schema":{"@context":"https:\/\/schema.org","@graph":[{"@type":"WebPage","@id":"https:\/\/tecnourquiza.com.ar\/?product=sika-viscocrete-3085-tambor-220-kg","url":"https:\/\/tecnourquiza.com.ar\/?product=sika-viscocrete-3085-tambor-220-kg","name":"Sika Viscocrete 3085 Tambor 220 kg. - Tecnourquiza, productos SIKA Argentina","isPartOf":{"@id":"https:\/\/tecnourquiza.com.ar\/#website"},"primaryImageOfPage":{"@id":"https:\/\/tecnourquiza.com.ar\/?product=sika-viscocrete-3085-tambor-220-kg#primaryimage"},"image":{"@id":"https:\/\/tecnourquiza.com.ar\/?product=sika-viscocrete-3085-tambor-220-kg#primaryimage"},"thumbnailUrl":"https:\/\/tecnourquiza.com.ar\/wp-content\/uploads\/2019\/12\/SIKAMENT-CR.png","datePublished":"2020-01-03T13:46:23+00:00","dateModified":"2020-01-03T14:03:23+00:00","breadcrumb":{"@id":"https:\/\/tecnourquiza.com.ar\/?product=sika-viscocrete-3085-tambor-220-kg#breadcrumb"},"inLanguage":"es","potentialAction":[{"@type":"ReadAction","target":["https:\/\/tecnourquiza.com.ar\/?product=sika-viscocrete-3085-tambor-220-kg"]}]},{"@type":"ImageObject","inLanguage":"es","@id":"https:\/\/tecnourquiza.com.ar\/?product=sika-viscocrete-3085-tambor-220-kg#primaryimage","url":"https:\/\/tecnourquiza.com.ar\/wp-content\/uploads\/2019\/12\/SIKAMENT-CR.png","contentUrl":"https:\/\/tecnourquiza.com.ar\/wp-content\/uploads\/2019\/12\/SIKAMENT-CR.png","width":220,"height":220},{"@type":"BreadcrumbList","@id":"https:\/\/tecnourquiza.com.ar\/?product=sika-viscocrete-3085-tambor-220-kg#breadcrumb","itemListElement":[{"@type":"ListItem","position":1,"name":"Portada","item":"https:\/\/tecnourquiza.com.ar\/"},{"@type":"ListItem","position":2,"name":"Productos","item":"https:\/\/tecnourquiza.com.ar\/?post_type=product"},{"@type":"ListItem","position":3,"name":"Sika Viscocrete 3085 Tambor 220 kg."}]},{"@type":"WebSite","@id":"https:\/\/tecnourquiza.com.ar\/#website","url":"https:\/\/tecnourquiza.com.ar\/","name":"Tecnourquiza, productos SIKA Argentina","description":"Comercializamos productos de la marca Sika Argentina","publisher":{"@id":"https:\/\/tecnourquiza.com.ar\/#organization"},"potentialAction":[{"@type":"SearchAction","target":{"@type":"EntryPoint","urlTemplate":"https:\/\/tecnourquiza.com.ar\/?s={search_term_string}"},"query-input":{"@type":"PropertyValueSpecification","valueRequired":true,"valueName":"search_term_string"}}],"inLanguage":"es"},{"@type":"Organization","@id":"https:\/\/tecnourquiza.com.ar\/#organization","name":"Tecnourquiza, productos SIKA Argentina","url":"https:\/\/tecnourquiza.com.ar\/","logo":{"@type":"ImageObject","inLanguage":"es","@id":"https:\/\/tecnourquiza.com.ar\/#\/schema\/logo\/image\/","url":"https:\/\/tecnourquiza.com.ar\/wp-content\/uploads\/2025\/05\/logo-tecnourquiza-transparente.png","contentUrl":"https:\/\/tecnourquiza.com.ar\/wp-content\/uploads\/2025\/05\/logo-tecnourquiza-transparente.png","width":360,"height":74,"caption":"Tecnourquiza, productos SIKA Argentina"},"image":{"@id":"https:\/\/tecnourquiza.com.ar\/#\/schema\/logo\/image\/"}}]}},"_links":{"self":[{"href":"https:\/\/tecnourquiza.com.ar\/index.php?rest_route=\/wp\/v2\/product\/8333","targetHints":{"allow":["GET"]}}],"collection":[{"href":"https:\/\/tecnourquiza.com.ar\/index.php?rest_route=\/wp\/v2\/product"}],"about":[{"href":"https:\/\/tecnourquiza.com.ar\/index.php?rest_route=\/wp\/v2\/types\/product"}],"replies":[{"embeddable":true,"href":"https:\/\/tecnourquiza.com.ar\/index.php?rest_route=%2Fwp%2Fv2%2Fcomments&post=8333"}],"wp:featuredmedia":[{"embeddable":true,"href":"https:\/\/tecnourquiza.com.ar\/index.php?rest_route=\/wp\/v2\/media\/8279"}],"wp:attachment":[{"href":"https:\/\/tecnourquiza.com.ar\/index.php?rest_route=%2Fwp%2Fv2%2Fmedia&parent=8333"}],"wp:term":[{"taxonomy":"product_brand","embeddable":true,"href":"https:\/\/tecnourquiza.com.ar\/index.php?rest_route=%2Fwp%2Fv2%2Fproduct_brand&post=8333"},{"taxonomy":"product_cat","embeddable":true,"href":"https:\/\/tecnourquiza.com.ar\/index.php?rest_route=%2Fwp%2Fv2%2Fproduct_cat&post=8333"},{"taxonomy":"product_tag","embeddable":true,"href":"https:\/\/tecnourquiza.com.ar\/index.php?rest_route=%2Fwp%2Fv2%2Fproduct_tag&post=8333"}],"curies":[{"name":"wp","href":"https:\/\/api.w.org\/{rel}","templated":true}]}}