{"id":8234,"date":"2019-12-20T20:24:02","date_gmt":"2019-12-20T20:24:02","guid":{"rendered":"http:\/\/tecnourquiza.com.ar\/?post_type=product&#038;p=8234"},"modified":"2019-12-20T20:28:37","modified_gmt":"2019-12-20T20:28:37","slug":"sika-waterstop-v15-rollo-x-20ml","status":"publish","type":"product","link":"https:\/\/tecnourquiza.com.ar\/?product=sika-waterstop-v15-rollo-x-20ml","title":{"rendered":"Sika Waterstop &#8211; V15 &#8211; Rollo x 20ml"},"content":{"rendered":"<p><strong>SIKA WATERSTOP\u00a0V-15<\/strong>\u00a0son juntas flexibles basada en PVC plastificado, elaborado especialmente para sellar juntas de construcci\u00f3n y de expansi\u00f3n cuando se realiza el colado del hormig\u00f3n. Est\u00e1n disponibles en diferentes tama\u00f1os y perfiles de acuerdo al uso al que ser\u00e1n sometidos.<\/p>\n<p>Los perfiles <strong>Sika\u00ae Waterstop<\/strong> se utilizan en el sellado estanperfil preelaborado<\/p>\n<p>co de los diferentes tipos de juntas que se presentan en las construcciones, ya se trate de juntas de dilataci\u00f3n o de trabajo, con altas presiones de agua.<\/p>\n<p>En general en todo tipo de obra hidr\u00e1ulica que requiera estanqueidad.<\/p>\n<p>Se diferencian de los selladores de juntas, en funci\u00f3n de la ubicaci\u00f3n de ambos elementos.<\/p>\n<p>Los perfiles se colocan en la etapa de construcci\u00f3n, en la posici\u00f3n proyectada cuando el hormig\u00f3n es colado en los moldes, concretando su funci\u00f3n como elemento de estanqueidad a partir del endurecimiento del hormig\u00f3n.<\/p>\n<p>Los perfiles Sika\u00ae Waterstop pueden aplicarse en estructuras de hormig\u00f3n contenedoras de agua, incluyendo reservorios, canales, plantas de tratamiento de agua, presas, diques y centrales hidroel\u00e9ctricas, canales de riego, piletas de nataci\u00f3n, tanques de agua potable, r\u00edos subterr\u00e1neos, decantadores, etc.<\/p>\n<p>Adem\u00e1s en impermeabilizaci\u00f3n en construcciones de edificios y estructuras incluidos grandes subsuelos, estacionamientos subterr\u00e1neos, subterr\u00e1neo y diques, fundaciones, t\u00faneles, silos, etc.<\/p>\n<p>&nbsp;<\/p>\n<p><strong>Ventajas<\/strong><\/p>\n<p>-Construidas con PVC de alta calidad y durabilidad prolongada.<\/p>\n<p>-Impermeables. Adecuadas para alta presi\u00f3n de agua<\/p>\n<p>-Tienen una gran resistencia a la tracci\u00f3n y adecuado coeficiente de alargamiento a la ruptura<\/p>\n<p>-Resistentes al envejecimiento y a los agentes qu\u00edmicos agresivos.<\/p>\n<p>-Secci\u00f3n con multinervadura que dificulta el paso de agua.<\/p>\n<p>-F\u00e1cil de soldar \u201cin situ\u201d mediante termo-fusi\u00f3n.<\/p>\n<p>&nbsp;<\/p>\n<p>[vc_row][vc_column][vc_btn title=&#8221;Ficha T\u00e9cnica&#8221; color=&#8221;warning&#8221; link=&#8221;url:http%3A%2F%2Ftecnourquiza.com.ar%2Fwp-content%2Fuploads%2F2019%2F12%2FSika-Waterstop.pdf|title:Ficha%20T%C3%A9cnica|target:%20_blank|&#8221;][\/vc_column][\/vc_row]<\/p>\n","protected":false},"excerpt":{"rendered":"<p><strong>Perfiles pre-elaborados el\u00e1sticos de PVC,<\/strong> para juntas de hormigonado<\/p>\n","protected":false},"featured_media":8235,"comment_status":"open","ping_status":"closed","template":"","meta":[],"product_brand":[],"product_cat":[123,90],"product_tag":[133,134],"class_list":{"0":"post-8234","1":"product","2":"type-product","3":"status-publish","4":"has-post-thumbnail","6":"product_cat-sellado-de-juntas","7":"product_cat-sika","8":"product_tag-juntas-flexibles","9":"product_tag-perfil-preelaborado","11":"first","12":"instock","13":"shipping-taxable","14":"purchasable","15":"product-type-simple"},"yoast_head":"<!-- This site is optimized with the Yoast SEO plugin v27.2 - https:\/\/yoast.com\/product\/yoast-seo-wordpress\/ -->\n<title>Sika Waterstop - V15 - Rollo x 20ml - Tecnourquiza, productos SIKA Argentina<\/title>\n<meta name=\"robots\" content=\"index, follow, max-snippet:-1, max-image-preview:large, max-video-preview:-1\" \/>\n<link rel=\"canonical\" href=\"https:\/\/tecnourquiza.com.ar\/?product=sika-waterstop-v15-rollo-x-20ml\" \/>\n<meta property=\"og:locale\" content=\"es_ES\" \/>\n<meta property=\"og:type\" content=\"article\" \/>\n<meta property=\"og:title\" content=\"Sika Waterstop - V15 - Rollo x 20ml - Tecnourquiza, productos SIKA Argentina\" \/>\n<meta property=\"og:description\" content=\"Perfiles pre-elaborados el\u00e1sticos de PVC, para juntas de hormigonado\" \/>\n<meta property=\"og:url\" content=\"https:\/\/tecnourquiza.com.ar\/?product=sika-waterstop-v15-rollo-x-20ml\" \/>\n<meta property=\"og:site_name\" content=\"Tecnourquiza, productos SIKA Argentina\" \/>\n<meta property=\"article:modified_time\" content=\"2019-12-20T20:28:37+00:00\" \/>\n<meta property=\"og:image\" content=\"https:\/\/tecnourquiza.com.ar\/wp-content\/uploads\/2019\/12\/sika-waterstop-v15-rollo-x-20ml.jpg\" \/>\n\t<meta property=\"og:image:width\" content=\"800\" \/>\n\t<meta property=\"og:image:height\" content=\"800\" \/>\n\t<meta property=\"og:image:type\" content=\"image\/jpeg\" \/>\n<meta name=\"twitter:card\" content=\"summary_large_image\" \/>\n<meta name=\"twitter:label1\" content=\"Tiempo de lectura\" \/>\n\t<meta name=\"twitter:data1\" content=\"2 minutos\" \/>\n<script type=\"application\/ld+json\" class=\"yoast-schema-graph\">{\"@context\":\"https:\/\/schema.org\",\"@graph\":[{\"@type\":\"WebPage\",\"@id\":\"https:\/\/tecnourquiza.com.ar\/?product=sika-waterstop-v15-rollo-x-20ml\",\"url\":\"https:\/\/tecnourquiza.com.ar\/?product=sika-waterstop-v15-rollo-x-20ml\",\"name\":\"Sika Waterstop - V15 - Rollo x 20ml - Tecnourquiza, productos SIKA Argentina\",\"isPartOf\":{\"@id\":\"https:\/\/tecnourquiza.com.ar\/#website\"},\"primaryImageOfPage\":{\"@id\":\"https:\/\/tecnourquiza.com.ar\/?product=sika-waterstop-v15-rollo-x-20ml#primaryimage\"},\"image\":{\"@id\":\"https:\/\/tecnourquiza.com.ar\/?product=sika-waterstop-v15-rollo-x-20ml#primaryimage\"},\"thumbnailUrl\":\"https:\/\/tecnourquiza.com.ar\/wp-content\/uploads\/2019\/12\/sika-waterstop-v15-rollo-x-20ml.jpg\",\"datePublished\":\"2019-12-20T20:24:02+00:00\",\"dateModified\":\"2019-12-20T20:28:37+00:00\",\"breadcrumb\":{\"@id\":\"https:\/\/tecnourquiza.com.ar\/?product=sika-waterstop-v15-rollo-x-20ml#breadcrumb\"},\"inLanguage\":\"es\",\"potentialAction\":[{\"@type\":\"ReadAction\",\"target\":[\"https:\/\/tecnourquiza.com.ar\/?product=sika-waterstop-v15-rollo-x-20ml\"]}]},{\"@type\":\"ImageObject\",\"inLanguage\":\"es\",\"@id\":\"https:\/\/tecnourquiza.com.ar\/?product=sika-waterstop-v15-rollo-x-20ml#primaryimage\",\"url\":\"https:\/\/tecnourquiza.com.ar\/wp-content\/uploads\/2019\/12\/sika-waterstop-v15-rollo-x-20ml.jpg\",\"contentUrl\":\"https:\/\/tecnourquiza.com.ar\/wp-content\/uploads\/2019\/12\/sika-waterstop-v15-rollo-x-20ml.jpg\",\"width\":800,\"height\":800},{\"@type\":\"BreadcrumbList\",\"@id\":\"https:\/\/tecnourquiza.com.ar\/?product=sika-waterstop-v15-rollo-x-20ml#breadcrumb\",\"itemListElement\":[{\"@type\":\"ListItem\",\"position\":1,\"name\":\"Portada\",\"item\":\"https:\/\/tecnourquiza.com.ar\/\"},{\"@type\":\"ListItem\",\"position\":2,\"name\":\"Productos\",\"item\":\"https:\/\/tecnourquiza.com.ar\/?post_type=product\"},{\"@type\":\"ListItem\",\"position\":3,\"name\":\"Sika Waterstop &#8211; V15 &#8211; Rollo x 20ml\"}]},{\"@type\":\"WebSite\",\"@id\":\"https:\/\/tecnourquiza.com.ar\/#website\",\"url\":\"https:\/\/tecnourquiza.com.ar\/\",\"name\":\"Tecnourquiza, productos SIKA Argentina\",\"description\":\"Comercializamos productos de la marca Sika Argentina\",\"publisher\":{\"@id\":\"https:\/\/tecnourquiza.com.ar\/#organization\"},\"potentialAction\":[{\"@type\":\"SearchAction\",\"target\":{\"@type\":\"EntryPoint\",\"urlTemplate\":\"https:\/\/tecnourquiza.com.ar\/?s={search_term_string}\"},\"query-input\":{\"@type\":\"PropertyValueSpecification\",\"valueRequired\":true,\"valueName\":\"search_term_string\"}}],\"inLanguage\":\"es\"},{\"@type\":\"Organization\",\"@id\":\"https:\/\/tecnourquiza.com.ar\/#organization\",\"name\":\"Tecnourquiza, productos SIKA Argentina\",\"url\":\"https:\/\/tecnourquiza.com.ar\/\",\"logo\":{\"@type\":\"ImageObject\",\"inLanguage\":\"es\",\"@id\":\"https:\/\/tecnourquiza.com.ar\/#\/schema\/logo\/image\/\",\"url\":\"https:\/\/tecnourquiza.com.ar\/wp-content\/uploads\/2025\/05\/logo-tecnourquiza-transparente.png\",\"contentUrl\":\"https:\/\/tecnourquiza.com.ar\/wp-content\/uploads\/2025\/05\/logo-tecnourquiza-transparente.png\",\"width\":360,\"height\":74,\"caption\":\"Tecnourquiza, productos SIKA Argentina\"},\"image\":{\"@id\":\"https:\/\/tecnourquiza.com.ar\/#\/schema\/logo\/image\/\"}}]}<\/script>\n<!-- \/ Yoast SEO plugin. -->","yoast_head_json":{"title":"Sika Waterstop - V15 - Rollo x 20ml - Tecnourquiza, productos SIKA Argentina","robots":{"index":"index","follow":"follow","max-snippet":"max-snippet:-1","max-image-preview":"max-image-preview:large","max-video-preview":"max-video-preview:-1"},"canonical":"https:\/\/tecnourquiza.com.ar\/?product=sika-waterstop-v15-rollo-x-20ml","og_locale":"es_ES","og_type":"article","og_title":"Sika Waterstop - V15 - Rollo x 20ml - Tecnourquiza, productos SIKA Argentina","og_description":"Perfiles pre-elaborados el\u00e1sticos de PVC, para juntas de hormigonado","og_url":"https:\/\/tecnourquiza.com.ar\/?product=sika-waterstop-v15-rollo-x-20ml","og_site_name":"Tecnourquiza, productos SIKA Argentina","article_modified_time":"2019-12-20T20:28:37+00:00","og_image":[{"width":800,"height":800,"url":"https:\/\/tecnourquiza.com.ar\/wp-content\/uploads\/2019\/12\/sika-waterstop-v15-rollo-x-20ml.jpg","type":"image\/jpeg"}],"twitter_card":"summary_large_image","twitter_misc":{"Tiempo de lectura":"2 minutos"},"schema":{"@context":"https:\/\/schema.org","@graph":[{"@type":"WebPage","@id":"https:\/\/tecnourquiza.com.ar\/?product=sika-waterstop-v15-rollo-x-20ml","url":"https:\/\/tecnourquiza.com.ar\/?product=sika-waterstop-v15-rollo-x-20ml","name":"Sika Waterstop - V15 - Rollo x 20ml - Tecnourquiza, productos SIKA Argentina","isPartOf":{"@id":"https:\/\/tecnourquiza.com.ar\/#website"},"primaryImageOfPage":{"@id":"https:\/\/tecnourquiza.com.ar\/?product=sika-waterstop-v15-rollo-x-20ml#primaryimage"},"image":{"@id":"https:\/\/tecnourquiza.com.ar\/?product=sika-waterstop-v15-rollo-x-20ml#primaryimage"},"thumbnailUrl":"https:\/\/tecnourquiza.com.ar\/wp-content\/uploads\/2019\/12\/sika-waterstop-v15-rollo-x-20ml.jpg","datePublished":"2019-12-20T20:24:02+00:00","dateModified":"2019-12-20T20:28:37+00:00","breadcrumb":{"@id":"https:\/\/tecnourquiza.com.ar\/?product=sika-waterstop-v15-rollo-x-20ml#breadcrumb"},"inLanguage":"es","potentialAction":[{"@type":"ReadAction","target":["https:\/\/tecnourquiza.com.ar\/?product=sika-waterstop-v15-rollo-x-20ml"]}]},{"@type":"ImageObject","inLanguage":"es","@id":"https:\/\/tecnourquiza.com.ar\/?product=sika-waterstop-v15-rollo-x-20ml#primaryimage","url":"https:\/\/tecnourquiza.com.ar\/wp-content\/uploads\/2019\/12\/sika-waterstop-v15-rollo-x-20ml.jpg","contentUrl":"https:\/\/tecnourquiza.com.ar\/wp-content\/uploads\/2019\/12\/sika-waterstop-v15-rollo-x-20ml.jpg","width":800,"height":800},{"@type":"BreadcrumbList","@id":"https:\/\/tecnourquiza.com.ar\/?product=sika-waterstop-v15-rollo-x-20ml#breadcrumb","itemListElement":[{"@type":"ListItem","position":1,"name":"Portada","item":"https:\/\/tecnourquiza.com.ar\/"},{"@type":"ListItem","position":2,"name":"Productos","item":"https:\/\/tecnourquiza.com.ar\/?post_type=product"},{"@type":"ListItem","position":3,"name":"Sika Waterstop &#8211; V15 &#8211; Rollo x 20ml"}]},{"@type":"WebSite","@id":"https:\/\/tecnourquiza.com.ar\/#website","url":"https:\/\/tecnourquiza.com.ar\/","name":"Tecnourquiza, productos SIKA Argentina","description":"Comercializamos productos de la marca Sika Argentina","publisher":{"@id":"https:\/\/tecnourquiza.com.ar\/#organization"},"potentialAction":[{"@type":"SearchAction","target":{"@type":"EntryPoint","urlTemplate":"https:\/\/tecnourquiza.com.ar\/?s={search_term_string}"},"query-input":{"@type":"PropertyValueSpecification","valueRequired":true,"valueName":"search_term_string"}}],"inLanguage":"es"},{"@type":"Organization","@id":"https:\/\/tecnourquiza.com.ar\/#organization","name":"Tecnourquiza, productos SIKA Argentina","url":"https:\/\/tecnourquiza.com.ar\/","logo":{"@type":"ImageObject","inLanguage":"es","@id":"https:\/\/tecnourquiza.com.ar\/#\/schema\/logo\/image\/","url":"https:\/\/tecnourquiza.com.ar\/wp-content\/uploads\/2025\/05\/logo-tecnourquiza-transparente.png","contentUrl":"https:\/\/tecnourquiza.com.ar\/wp-content\/uploads\/2025\/05\/logo-tecnourquiza-transparente.png","width":360,"height":74,"caption":"Tecnourquiza, productos SIKA Argentina"},"image":{"@id":"https:\/\/tecnourquiza.com.ar\/#\/schema\/logo\/image\/"}}]}},"_links":{"self":[{"href":"https:\/\/tecnourquiza.com.ar\/index.php?rest_route=\/wp\/v2\/product\/8234","targetHints":{"allow":["GET"]}}],"collection":[{"href":"https:\/\/tecnourquiza.com.ar\/index.php?rest_route=\/wp\/v2\/product"}],"about":[{"href":"https:\/\/tecnourquiza.com.ar\/index.php?rest_route=\/wp\/v2\/types\/product"}],"replies":[{"embeddable":true,"href":"https:\/\/tecnourquiza.com.ar\/index.php?rest_route=%2Fwp%2Fv2%2Fcomments&post=8234"}],"wp:featuredmedia":[{"embeddable":true,"href":"https:\/\/tecnourquiza.com.ar\/index.php?rest_route=\/wp\/v2\/media\/8235"}],"wp:attachment":[{"href":"https:\/\/tecnourquiza.com.ar\/index.php?rest_route=%2Fwp%2Fv2%2Fmedia&parent=8234"}],"wp:term":[{"taxonomy":"product_brand","embeddable":true,"href":"https:\/\/tecnourquiza.com.ar\/index.php?rest_route=%2Fwp%2Fv2%2Fproduct_brand&post=8234"},{"taxonomy":"product_cat","embeddable":true,"href":"https:\/\/tecnourquiza.com.ar\/index.php?rest_route=%2Fwp%2Fv2%2Fproduct_cat&post=8234"},{"taxonomy":"product_tag","embeddable":true,"href":"https:\/\/tecnourquiza.com.ar\/index.php?rest_route=%2Fwp%2Fv2%2Fproduct_tag&post=8234"}],"curies":[{"name":"wp","href":"https:\/\/api.w.org\/{rel}","templated":true}]}}