{"id":3169,"date":"2017-11-11T04:43:48","date_gmt":"2017-11-11T04:43:48","guid":{"rendered":"http:\/\/demo.thembay.com\/megabuy\/?page_id=3169"},"modified":"2025-04-23T23:46:51","modified_gmt":"2025-04-23T23:46:51","slug":"contact-us","status":"publish","type":"page","link":"https:\/\/tecnourquiza.com.ar\/?page_id=3169","title":{"rendered":"Contactos"},"content":{"rendered":"<p>[vc_row css=&#8221;.vc_custom_1542600293676{padding-bottom: 50px !important;}&#8221;][vc_column el_class=&#8221;contact-wrapper&#8221; offset=&#8221;vc_col-md-6&#8243;][vc_column_text]<\/p>\n<ul class=\"contact-info\">\n<li class=\"contact\"><i class=\"linear-icon-headphones\"><\/i>(5411) <a href=\"tel:\/\/45224774\">4522 -4774<\/a><\/li>\n<li class=\"contact\"><i class=\"linear-icon-headphones\"><\/i>(5411) <a href=\"tel:\/\/45212060\">4521-2060<\/a><\/li>\n<li class=\"address\"><i class=\"linear-icon-map-marker\"><\/i>Av. Alvarez Thomas 2771, Villa Urquiza, CABA<\/li>\n<li><i class=\"linear-icon-envelope\"><\/i><a href=\"mailto:info@tecnourquiza.com.ar\">info@tecnourquiza.com.ar<\/a><\/li>\n<li><i class=\"linear-icon-power-switch\"><\/i>Abierto: de Lunes a s\u00e1bados<\/li>\n<\/ul>\n<p>[\/vc_column_text][tbay_socials_link title=&#8221;Follow Us:&#8221; style=&#8221;style2&#8243; facebook_url=&#8221;#&#8221; twitter_url=&#8221;#&#8221; instagram_url=&#8221;#&#8221; youtube_url=&#8221;#&#8221; el_class=&#8221;has-icon&#8221;][\/vc_column][vc_column offset=&#8221;vc_col-md-6&#8243;][vc_gmaps link=&#8221;#E-8_JTNDaWZyYW1lJTIwc3JjJTNEJTIyaHR0cHMlM0ElMkYlMkZ3d3cuZ29vZ2xlLmNvbSUyRm1hcHMlMkZlbWJlZCUzRnBiJTNEJTIxMW0xOCUyMTFtMTIlMjExbTMlMjExZDMyODUuMTc3MDU5MDgxOTI0JTIxMmQtNTguNDgxNDE3MTQ4NjI1MDQlMjEzZC0zNC41NzQzODYxNjMzNTkxNSUyMTJtMyUyMTFmMCUyMTJmMCUyMTNmMCUyMTNtMiUyMTFpMTAyNCUyMTJpNzY4JTIxNGYxMy4xJTIxM20zJTIxMW0yJTIxMXMweDk1YmNiNjY1YzI3ZThjZDElMjUzQTB4MzFmNGJjN2EyZTc4ZmFhNyUyMTJzQXYuJTI1MjAlMjVDMyUyNTgxbHZhcmV6JTI1MjBUaG9tYXMlMjUyMDI3NzElMjUyQyUyNTIwQzE0MzElMjUyMEZPRSUyNTJDJTI1MjBCdWVub3MlMjUyMEFpcmVzJTIxNWUwJTIxM20yJTIxMXNlcyUyMTJzYXIlMjE0djE1NzkyNzQwNjUzNzAlMjE1bTIlMjExc2VzJTIxMnNhciUyMiUyMHdpZHRoJTNEJTIyNjAwJTIyJTIwaGVpZ2h0JTNEJTIyNDUwJTIyJTIwZnJhbWVib3JkZXIlM0QlMjIwJTIyJTIwc3R5bGUlM0QlMjJib3JkZXIlM0EwJTNCJTIyJTIwYWxsb3dmdWxsc2NyZWVuJTNEJTIyJTIyJTNFJTNDJTJGaWZyYW1lJTNF&#8221; size=&#8221;444&#8243;][\/vc_column][\/vc_row][vc_row el_class=&#8221;contact-detail&#8221; css=&#8221;.vc_custom_1551779781200{padding-bottom: 40px !important;}&#8221;][vc_column offset=&#8221;vc_col-md-12&#8243;][tbay_title_heading title=&#8221;Formulario de contacto&#8221; buttons=&#8221;btn-default btn-outline&#8221; buttons2=&#8221;btn-default btn-outline&#8221; subtitle=&#8221;Su direcci\u00f3n de correo electr\u00f3nico no ser\u00e1 publicada. Los campos obligatorios est\u00e1n marcados (*)&#8221;]\n<div class=\"wpcf7 no-js\" id=\"wpcf7-f559-o1\" lang=\"en-US\" dir=\"ltr\" data-wpcf7-id=\"559\">\n<div class=\"screen-reader-response\"><p role=\"status\" aria-live=\"polite\" aria-atomic=\"true\"><\/p> <ul><\/ul><\/div>\n<form action=\"\/index.php?rest_route=%2Fwp%2Fv2%2Fpages%2F3169#wpcf7-f559-o1\" method=\"post\" class=\"wpcf7-form init\" aria-label=\"Contact form\" novalidate=\"novalidate\" data-status=\"init\">\n<fieldset class=\"hidden-fields-container\"><input type=\"hidden\" name=\"_wpcf7\" value=\"559\" \/><input type=\"hidden\" name=\"_wpcf7_version\" value=\"6.1.5\" \/><input type=\"hidden\" name=\"_wpcf7_locale\" value=\"en_US\" \/><input type=\"hidden\" name=\"_wpcf7_unit_tag\" value=\"wpcf7-f559-o1\" \/><input type=\"hidden\" name=\"_wpcf7_container_post\" value=\"0\" \/><input type=\"hidden\" name=\"_wpcf7_posted_data_hash\" value=\"\" \/>\n<\/fieldset>\n<div class=\"form-horizontal row\">\n\t<div class=\"col-md-4\">\n\t\t<p><label for=\"name\">Nombre<span class=\"required\">*<\/span>:<\/label><br \/>\n<span class=\"wpcf7-form-control-wrap\" data-name=\"text-799\"><input size=\"40\" maxlength=\"400\" class=\"wpcf7-form-control wpcf7-text wpcf7-validates-as-required required form-control\" id=\"your_name\" aria-required=\"true\" aria-invalid=\"false\" value=\"\" type=\"text\" name=\"text-799\" \/><\/span>\n\t\t<\/p>\n\t<\/div>\n\t<div class=\"col-md-4\">\n\t\t<p><label class=\"control-label\" for=\"email\">Email<span class=\"required\">*<\/span>:<\/label><br \/>\n<span class=\"wpcf7-form-control-wrap\" data-name=\"email-257\"><input size=\"40\" maxlength=\"400\" class=\"wpcf7-form-control wpcf7-email wpcf7-validates-as-required wpcf7-text wpcf7-validates-as-email required\" id=\"your_email\" aria-required=\"true\" aria-invalid=\"false\" value=\"\" type=\"email\" name=\"email-257\" \/><\/span>\n\t\t<\/p>\n\t<\/div>\n\t<div class=\"col-md-4\">\n\t\t<p><label for=\"name\">Asunto<span class=\"required\">*<\/span>:<\/label><br \/>\n<span class=\"wpcf7-form-control-wrap\" data-name=\"text-599\"><input size=\"40\" maxlength=\"400\" class=\"wpcf7-form-control wpcf7-text wpcf7-validates-as-required required form-subject\" id=\"your_subject\" aria-required=\"true\" aria-invalid=\"false\" value=\"\" type=\"text\" name=\"text-599\" \/><\/span>\n\t\t<\/p>\n\t<\/div>\n\t<div class=\"col-md-12\">\n\t\t<p><label class=\"control-label\" for=\"message\">Mensaje<span class=\"required\">*<\/span>:<\/label><br \/>\n<span class=\"wpcf7-form-control-wrap\" data-name=\"textarea-552\"><textarea cols=\"40\" rows=\"10\" maxlength=\"2000\" class=\"wpcf7-form-control wpcf7-textarea required\" id=\"your_message\" aria-invalid=\"false\" name=\"textarea-552\"><\/textarea><\/span>\n\t\t<\/p>\n\t<\/div>\n\t<div class=\"col-md-2 col-md-offset-10\">\n\t\t<p><input class=\"wpcf7-form-control wpcf7-submit has-spinner btn btn-default\" type=\"submit\" value=\"enviar\" \/>\n\t\t<\/p>\n\t<\/div>\n<\/div><div class=\"wpcf7-response-output\" aria-hidden=\"true\"><\/div>\n<\/form>\n<\/div>\n[\/vc_column][\/vc_row]<\/p>\n","protected":false},"excerpt":{"rendered":"<p>[vc_row css=&#8221;.vc_custom_1542600293676{padding-bottom: 50px !important;}&#8221;][vc_column el_class=&#8221;contact-wrapper&#8221; offset=&#8221;vc_col-md-6&#8243;][vc_column_text] (5411) 4522 -4774 (5411) 4521-2060 Av. Alvarez Thomas 2771, Villa Urquiza, CABA info@tecnourquiza.com.ar Abierto: de Lunes a s\u00e1bados [\/vc_column_text][tbay_socials_link title=&#8221;Follow Us:&#8221; style=&#8221;style2&#8243; facebook_url=&#8221;#&#8221; twitter_url=&#8221;#&#8221; instagram_url=&#8221;#&#8221; youtube_url=&#8221;#&#8221; el_class=&#8221;has-icon&#8221;][\/vc_column][vc_column offset=&#8221;vc_col-md-6&#8243;][vc_gmaps link=&#8221;#E-8_JTNDaWZyYW1lJTIwc3JjJTNEJTIyaHR0cHMlM0ElMkYlMkZ3d3cuZ29vZ2xlLmNvbSUyRm1hcHMlMkZlbWJlZCUzRnBiJTNEJTIxMW0xOCUyMTFtMTIlMjExbTMlMjExZDMyODUuMTc3MDU5MDgxOTI0JTIxMmQtNTguNDgxNDE3MTQ4NjI1MDQlMjEzZC0zNC41NzQzODYxNjMzNTkxNSUyMTJtMyUyMTFmMCUyMTJmMCUyMTNmMCUyMTNtMiUyMTFpMTAyNCUyMTJpNzY4JTIxNGYxMy4xJTIxM20zJTIxMW0yJTIxMXMweDk1YmNiNjY1YzI3ZThjZDElMjUzQTB4MzFmNGJjN2EyZTc4ZmFhNyUyMTJzQXYuJTI1MjAlMjVDMyUyNTgxbHZhcmV6JTI1MjBUaG9tYXMlMjUyMDI3NzElMjUyQyUyNTIwQzE0MzElMjUyMEZPRSUyNTJDJTI1MjBCdWVub3MlMjUyMEFpcmVzJTIxNWUwJTIxM20yJTIxMXNlcyUyMTJzYXIlMjE0djE1NzkyNzQwNjUzNzAlMjE1bTIlMjExc2VzJTIxMnNhciUyMiUyMHdpZHRoJTNEJTIyNjAwJTIyJTIwaGVpZ2h0JTNEJTIyNDUwJTIyJTIwZnJhbWVib3JkZXIlM0QlMjIwJTIyJTIwc3R5bGUlM0QlMjJib3JkZXIlM0EwJTNCJTIyJTIwYWxsb3dmdWxsc2NyZWVuJTNEJTIyJTIyJTNFJTNDJTJGaWZyYW1lJTNF&#8221; size=&#8221;444&#8243;][\/vc_column][\/vc_row][vc_row el_class=&#8221;contact-detail&#8221; css=&#8221;.vc_custom_1551779781200{padding-bottom: 40px !important;}&#8221;][vc_column offset=&#8221;vc_col-md-12&#8243;][tbay_title_heading title=&#8221;Formulario de contacto&#8221; buttons=&#8221;btn-default btn-outline&#8221; buttons2=&#8221;btn-default btn-outline&#8221; subtitle=&#8221;Su direcci\u00f3n de correo electr\u00f3nico no ser\u00e1 [&hellip;]<\/p>\n","protected":false},"author":1,"featured_media":0,"parent":0,"menu_order":0,"comment_status":"closed","ping_status":"closed","template":"","meta":{"footnotes":""},"class_list":["post-3169","page","type-page","status-publish","hentry"],"blocksy_meta":[],"yoast_head":"<!-- This site is optimized with the Yoast SEO plugin v27.2 - https:\/\/yoast.com\/product\/yoast-seo-wordpress\/ -->\n<title>Contactos - Tecnourquiza, productos SIKA Argentina<\/title>\n<meta name=\"robots\" content=\"index, follow, max-snippet:-1, max-image-preview:large, max-video-preview:-1\" \/>\n<link rel=\"canonical\" href=\"https:\/\/tecnourquiza.com.ar\/?page_id=3169\" \/>\n<meta property=\"og:locale\" content=\"es_ES\" \/>\n<meta property=\"og:type\" content=\"article\" \/>\n<meta property=\"og:title\" content=\"Contactos - Tecnourquiza, productos SIKA Argentina\" \/>\n<meta property=\"og:description\" content=\"[vc_row css=&#8221;.vc_custom_1542600293676{padding-bottom: 50px !important;}&#8221;][vc_column el_class=&#8221;contact-wrapper&#8221; offset=&#8221;vc_col-md-6&#8243;][vc_column_text] (5411) 4522 -4774 (5411) 4521-2060 Av. Alvarez Thomas 2771, Villa Urquiza, CABA info@tecnourquiza.com.ar Abierto: de Lunes a s\u00e1bados [\/vc_column_text][tbay_socials_link title=&#8221;Follow Us:&#8221; style=&#8221;style2&#8243; facebook_url=&#8221;#&#8221; twitter_url=&#8221;#&#8221; instagram_url=&#8221;#&#8221; youtube_url=&#8221;#&#8221; el_class=&#8221;has-icon&#8221;][\/vc_column][vc_column offset=&#8221;vc_col-md-6&#8243;][vc_gmaps link=&#8221;#E-8_JTNDaWZyYW1lJTIwc3JjJTNEJTIyaHR0cHMlM0ElMkYlMkZ3d3cuZ29vZ2xlLmNvbSUyRm1hcHMlMkZlbWJlZCUzRnBiJTNEJTIxMW0xOCUyMTFtMTIlMjExbTMlMjExZDMyODUuMTc3MDU5MDgxOTI0JTIxMmQtNTguNDgxNDE3MTQ4NjI1MDQlMjEzZC0zNC41NzQzODYxNjMzNTkxNSUyMTJtMyUyMTFmMCUyMTJmMCUyMTNmMCUyMTNtMiUyMTFpMTAyNCUyMTJpNzY4JTIxNGYxMy4xJTIxM20zJTIxMW0yJTIxMXMweDk1YmNiNjY1YzI3ZThjZDElMjUzQTB4MzFmNGJjN2EyZTc4ZmFhNyUyMTJzQXYuJTI1MjAlMjVDMyUyNTgxbHZhcmV6JTI1MjBUaG9tYXMlMjUyMDI3NzElMjUyQyUyNTIwQzE0MzElMjUyMEZPRSUyNTJDJTI1MjBCdWVub3MlMjUyMEFpcmVzJTIxNWUwJTIxM20yJTIxMXNlcyUyMTJzYXIlMjE0djE1NzkyNzQwNjUzNzAlMjE1bTIlMjExc2VzJTIxMnNhciUyMiUyMHdpZHRoJTNEJTIyNjAwJTIyJTIwaGVpZ2h0JTNEJTIyNDUwJTIyJTIwZnJhbWVib3JkZXIlM0QlMjIwJTIyJTIwc3R5bGUlM0QlMjJib3JkZXIlM0EwJTNCJTIyJTIwYWxsb3dmdWxsc2NyZWVuJTNEJTIyJTIyJTNFJTNDJTJGaWZyYW1lJTNF&#8221; size=&#8221;444&#8243;][\/vc_column][\/vc_row][vc_row el_class=&#8221;contact-detail&#8221; css=&#8221;.vc_custom_1551779781200{padding-bottom: 40px !important;}&#8221;][vc_column offset=&#8221;vc_col-md-12&#8243;][tbay_title_heading title=&#8221;Formulario de contacto&#8221; buttons=&#8221;btn-default btn-outline&#8221; buttons2=&#8221;btn-default btn-outline&#8221; subtitle=&#8221;Su direcci\u00f3n de correo electr\u00f3nico no ser\u00e1 [&hellip;]\" \/>\n<meta property=\"og:url\" content=\"https:\/\/tecnourquiza.com.ar\/?page_id=3169\" \/>\n<meta property=\"og:site_name\" content=\"Tecnourquiza, productos SIKA Argentina\" \/>\n<meta property=\"article:modified_time\" content=\"2025-04-23T23:46:51+00:00\" \/>\n<meta name=\"twitter:card\" content=\"summary_large_image\" \/>\n<script type=\"application\/ld+json\" class=\"yoast-schema-graph\">{\"@context\":\"https:\/\/schema.org\",\"@graph\":[{\"@type\":\"WebPage\",\"@id\":\"https:\/\/tecnourquiza.com.ar\/?page_id=3169\",\"url\":\"https:\/\/tecnourquiza.com.ar\/?page_id=3169\",\"name\":\"Contactos - Tecnourquiza, productos SIKA Argentina\",\"isPartOf\":{\"@id\":\"https:\/\/tecnourquiza.com.ar\/#website\"},\"datePublished\":\"2017-11-11T04:43:48+00:00\",\"dateModified\":\"2025-04-23T23:46:51+00:00\",\"breadcrumb\":{\"@id\":\"https:\/\/tecnourquiza.com.ar\/?page_id=3169#breadcrumb\"},\"inLanguage\":\"es\",\"potentialAction\":[{\"@type\":\"ReadAction\",\"target\":[\"https:\/\/tecnourquiza.com.ar\/?page_id=3169\"]}]},{\"@type\":\"BreadcrumbList\",\"@id\":\"https:\/\/tecnourquiza.com.ar\/?page_id=3169#breadcrumb\",\"itemListElement\":[{\"@type\":\"ListItem\",\"position\":1,\"name\":\"Portada\",\"item\":\"https:\/\/tecnourquiza.com.ar\/\"},{\"@type\":\"ListItem\",\"position\":2,\"name\":\"Contactos\"}]},{\"@type\":\"WebSite\",\"@id\":\"https:\/\/tecnourquiza.com.ar\/#website\",\"url\":\"https:\/\/tecnourquiza.com.ar\/\",\"name\":\"Tecnourquiza, productos SIKA Argentina\",\"description\":\"Comercializamos productos de la marca Sika Argentina\",\"publisher\":{\"@id\":\"https:\/\/tecnourquiza.com.ar\/#organization\"},\"potentialAction\":[{\"@type\":\"SearchAction\",\"target\":{\"@type\":\"EntryPoint\",\"urlTemplate\":\"https:\/\/tecnourquiza.com.ar\/?s={search_term_string}\"},\"query-input\":{\"@type\":\"PropertyValueSpecification\",\"valueRequired\":true,\"valueName\":\"search_term_string\"}}],\"inLanguage\":\"es\"},{\"@type\":\"Organization\",\"@id\":\"https:\/\/tecnourquiza.com.ar\/#organization\",\"name\":\"Tecnourquiza, productos SIKA Argentina\",\"url\":\"https:\/\/tecnourquiza.com.ar\/\",\"logo\":{\"@type\":\"ImageObject\",\"inLanguage\":\"es\",\"@id\":\"https:\/\/tecnourquiza.com.ar\/#\/schema\/logo\/image\/\",\"url\":\"https:\/\/tecnourquiza.com.ar\/wp-content\/uploads\/2025\/05\/logo-tecnourquiza-transparente.png\",\"contentUrl\":\"https:\/\/tecnourquiza.com.ar\/wp-content\/uploads\/2025\/05\/logo-tecnourquiza-transparente.png\",\"width\":360,\"height\":74,\"caption\":\"Tecnourquiza, productos SIKA Argentina\"},\"image\":{\"@id\":\"https:\/\/tecnourquiza.com.ar\/#\/schema\/logo\/image\/\"}}]}<\/script>\n<!-- \/ Yoast SEO plugin. -->","yoast_head_json":{"title":"Contactos - Tecnourquiza, productos SIKA Argentina","robots":{"index":"index","follow":"follow","max-snippet":"max-snippet:-1","max-image-preview":"max-image-preview:large","max-video-preview":"max-video-preview:-1"},"canonical":"https:\/\/tecnourquiza.com.ar\/?page_id=3169","og_locale":"es_ES","og_type":"article","og_title":"Contactos - Tecnourquiza, productos SIKA Argentina","og_description":"[vc_row css=&#8221;.vc_custom_1542600293676{padding-bottom: 50px !important;}&#8221;][vc_column el_class=&#8221;contact-wrapper&#8221; offset=&#8221;vc_col-md-6&#8243;][vc_column_text] (5411) 4522 -4774 (5411) 4521-2060 Av. Alvarez Thomas 2771, Villa Urquiza, CABA info@tecnourquiza.com.ar Abierto: de Lunes a s\u00e1bados [\/vc_column_text][tbay_socials_link title=&#8221;Follow Us:&#8221; style=&#8221;style2&#8243; facebook_url=&#8221;#&#8221; twitter_url=&#8221;#&#8221; instagram_url=&#8221;#&#8221; youtube_url=&#8221;#&#8221; el_class=&#8221;has-icon&#8221;][\/vc_column][vc_column offset=&#8221;vc_col-md-6&#8243;][vc_gmaps link=&#8221;#E-8_JTNDaWZyYW1lJTIwc3JjJTNEJTIyaHR0cHMlM0ElMkYlMkZ3d3cuZ29vZ2xlLmNvbSUyRm1hcHMlMkZlbWJlZCUzRnBiJTNEJTIxMW0xOCUyMTFtMTIlMjExbTMlMjExZDMyODUuMTc3MDU5MDgxOTI0JTIxMmQtNTguNDgxNDE3MTQ4NjI1MDQlMjEzZC0zNC41NzQzODYxNjMzNTkxNSUyMTJtMyUyMTFmMCUyMTJmMCUyMTNmMCUyMTNtMiUyMTFpMTAyNCUyMTJpNzY4JTIxNGYxMy4xJTIxM20zJTIxMW0yJTIxMXMweDk1YmNiNjY1YzI3ZThjZDElMjUzQTB4MzFmNGJjN2EyZTc4ZmFhNyUyMTJzQXYuJTI1MjAlMjVDMyUyNTgxbHZhcmV6JTI1MjBUaG9tYXMlMjUyMDI3NzElMjUyQyUyNTIwQzE0MzElMjUyMEZPRSUyNTJDJTI1MjBCdWVub3MlMjUyMEFpcmVzJTIxNWUwJTIxM20yJTIxMXNlcyUyMTJzYXIlMjE0djE1NzkyNzQwNjUzNzAlMjE1bTIlMjExc2VzJTIxMnNhciUyMiUyMHdpZHRoJTNEJTIyNjAwJTIyJTIwaGVpZ2h0JTNEJTIyNDUwJTIyJTIwZnJhbWVib3JkZXIlM0QlMjIwJTIyJTIwc3R5bGUlM0QlMjJib3JkZXIlM0EwJTNCJTIyJTIwYWxsb3dmdWxsc2NyZWVuJTNEJTIyJTIyJTNFJTNDJTJGaWZyYW1lJTNF&#8221; size=&#8221;444&#8243;][\/vc_column][\/vc_row][vc_row el_class=&#8221;contact-detail&#8221; css=&#8221;.vc_custom_1551779781200{padding-bottom: 40px !important;}&#8221;][vc_column offset=&#8221;vc_col-md-12&#8243;][tbay_title_heading title=&#8221;Formulario de contacto&#8221; buttons=&#8221;btn-default btn-outline&#8221; buttons2=&#8221;btn-default btn-outline&#8221; subtitle=&#8221;Su direcci\u00f3n de correo electr\u00f3nico no ser\u00e1 [&hellip;]","og_url":"https:\/\/tecnourquiza.com.ar\/?page_id=3169","og_site_name":"Tecnourquiza, productos SIKA Argentina","article_modified_time":"2025-04-23T23:46:51+00:00","twitter_card":"summary_large_image","schema":{"@context":"https:\/\/schema.org","@graph":[{"@type":"WebPage","@id":"https:\/\/tecnourquiza.com.ar\/?page_id=3169","url":"https:\/\/tecnourquiza.com.ar\/?page_id=3169","name":"Contactos - Tecnourquiza, productos SIKA Argentina","isPartOf":{"@id":"https:\/\/tecnourquiza.com.ar\/#website"},"datePublished":"2017-11-11T04:43:48+00:00","dateModified":"2025-04-23T23:46:51+00:00","breadcrumb":{"@id":"https:\/\/tecnourquiza.com.ar\/?page_id=3169#breadcrumb"},"inLanguage":"es","potentialAction":[{"@type":"ReadAction","target":["https:\/\/tecnourquiza.com.ar\/?page_id=3169"]}]},{"@type":"BreadcrumbList","@id":"https:\/\/tecnourquiza.com.ar\/?page_id=3169#breadcrumb","itemListElement":[{"@type":"ListItem","position":1,"name":"Portada","item":"https:\/\/tecnourquiza.com.ar\/"},{"@type":"ListItem","position":2,"name":"Contactos"}]},{"@type":"WebSite","@id":"https:\/\/tecnourquiza.com.ar\/#website","url":"https:\/\/tecnourquiza.com.ar\/","name":"Tecnourquiza, productos SIKA Argentina","description":"Comercializamos productos de la marca Sika Argentina","publisher":{"@id":"https:\/\/tecnourquiza.com.ar\/#organization"},"potentialAction":[{"@type":"SearchAction","target":{"@type":"EntryPoint","urlTemplate":"https:\/\/tecnourquiza.com.ar\/?s={search_term_string}"},"query-input":{"@type":"PropertyValueSpecification","valueRequired":true,"valueName":"search_term_string"}}],"inLanguage":"es"},{"@type":"Organization","@id":"https:\/\/tecnourquiza.com.ar\/#organization","name":"Tecnourquiza, productos SIKA Argentina","url":"https:\/\/tecnourquiza.com.ar\/","logo":{"@type":"ImageObject","inLanguage":"es","@id":"https:\/\/tecnourquiza.com.ar\/#\/schema\/logo\/image\/","url":"https:\/\/tecnourquiza.com.ar\/wp-content\/uploads\/2025\/05\/logo-tecnourquiza-transparente.png","contentUrl":"https:\/\/tecnourquiza.com.ar\/wp-content\/uploads\/2025\/05\/logo-tecnourquiza-transparente.png","width":360,"height":74,"caption":"Tecnourquiza, productos SIKA Argentina"},"image":{"@id":"https:\/\/tecnourquiza.com.ar\/#\/schema\/logo\/image\/"}}]}},"zion_builder_status":true,"_links":{"self":[{"href":"https:\/\/tecnourquiza.com.ar\/index.php?rest_route=\/wp\/v2\/pages\/3169","targetHints":{"allow":["GET"]}}],"collection":[{"href":"https:\/\/tecnourquiza.com.ar\/index.php?rest_route=\/wp\/v2\/pages"}],"about":[{"href":"https:\/\/tecnourquiza.com.ar\/index.php?rest_route=\/wp\/v2\/types\/page"}],"author":[{"embeddable":true,"href":"https:\/\/tecnourquiza.com.ar\/index.php?rest_route=\/wp\/v2\/users\/1"}],"replies":[{"embeddable":true,"href":"https:\/\/tecnourquiza.com.ar\/index.php?rest_route=%2Fwp%2Fv2%2Fcomments&post=3169"}],"version-history":[{"count":3,"href":"https:\/\/tecnourquiza.com.ar\/index.php?rest_route=\/wp\/v2\/pages\/3169\/revisions"}],"predecessor-version":[{"id":8775,"href":"https:\/\/tecnourquiza.com.ar\/index.php?rest_route=\/wp\/v2\/pages\/3169\/revisions\/8775"}],"wp:attachment":[{"href":"https:\/\/tecnourquiza.com.ar\/index.php?rest_route=%2Fwp%2Fv2%2Fmedia&parent=3169"}],"curies":[{"name":"wp","href":"https:\/\/api.w.org\/{rel}","templated":true}]}}